{"id":2498,"date":"2023-03-02T20:41:37","date_gmt":"2023-03-02T19:41:37","guid":{"rendered":"http:\/\/serwer174992.lh.pl\/autoinstalator\/serwer174992.lh.pl\/wordpress14552\/?post_type=product&#038;p=2498"},"modified":"2026-04-12T19:35:23","modified_gmt":"2026-04-12T17:35:23","slug":"nogi-drewniane-balwanek","status":"publish","type":"product","link":"https:\/\/www.woodlegs.pl\/eng\/nogi-toczone\/nogi-drewniane-balwanek\/","title":{"rendered":"Wooden legs Snowman"},"content":{"rendered":"<h1>Snowman wooden legs - modern design for your home!<\/h1>\n<p>Robust and durable <strong>Turned wooden legs Snowman<\/strong> made of beech or oak wood. It is the ideal choice for those who appreciate durability in furniture.<\/p>\n<p><strong>Wooden legs Snowman <\/strong>is one of our bestsellers. The rounded shapes fit into any interior.  The team of our designers opted for two spheres of different proportions in the wooden legs, which diminish accordingly to give delicacy.  The upper square part <strong>turned wooden legs Snowman<\/strong> is of square cross-section measuring 7.5\u00d77.5 cm. The main and characteristic element is the spheres - the larger one with a diameter of 16 cm and the other one proportionally smaller. Further down the leg is a rhombus, which gently transitions into a cone.<\/p>\n<p>The standard leg height for the Snowman table is 74 cm as the table top is a minimum of 2 cm, so the table will end up between 76 cm and 78 cm high depending on the thickness of the top. As a manufacturer of wooden legs, we pay special attention to every detail. It is noteworthy that the Snowman wooden legs are prepared for further varnishing.<\/p>\n<p>Collection:<\/p>\n<p>We offer <a href=\"https:\/\/www.woodlegs.pl\/eng\/nogi-toczone\/nogi-do-stolika-balwanek-lawa\/\">Table legs Snowman Bench<\/a> which form a harmonious team with table legs and <a href=\"https:\/\/www.woodlegs.pl\/eng\/nozki-do-mebli\/nozki-meblowe-balwanek\/\">Snowman furniture feet.<\/a><\/p>\n<p>&nbsp;<\/p>\n<p>Colour scheme:<\/p>\n<p>Oak wooden legs, due to their unique grain and golden colour, look beautiful in a clear lacquer or oil finish alone. In the case of beech wood legs, a common choice of finish is white or black opaque lacquer. The natural colour of beech wood is shown in the photo.<\/p>\n<p>&nbsp;<\/p>\n<p>Beech wood legs are <u>dispatched the following working day.<\/u><br \/>\nOak wooden legs are made to order. Waiting time is up to 4 weeks.<\/p>","protected":false},"excerpt":{"rendered":"<p>The wooden legs for the Snowman table will become the dot over the \"i\" of your refined table. Its precise finish will allow the turned leg to be recognised as a kind of accessory consistent with the whole.Take care of every detail and choose wooden legs from Woodlegs Company to make your table one of a kind! Need more legs than we currently have in stock?  Write us an email or give us a call!<\/p>","protected":false},"featured_media":3981,"template":"","meta":[],"product_brand":[],"product_cat":[79,66],"product_tag":[],"class_list":{"0":"post-2498","1":"product","2":"type-product","3":"status-publish","4":"has-post-thumbnail","6":"product_cat-nogi-do-stolu","7":"product_cat-nogi-toczone","9":"first","10":"instock","11":"taxable","12":"shipping-taxable","13":"purchasable","14":"product-type-variable"},"yoast_head":"<!-- This site is optimized with the Yoast SEO plugin v26.2 - https:\/\/yoast.com\/wordpress\/plugins\/seo\/ -->\n<title>Nogi toczone Ba\u0142wanek-Nogi drewniane do sto\u0142u-Sklep Woodlegs<\/title>\n<meta name=\"description\" content=\"Szukasz nowoczesnych i solidnych n\u00f3g do sto\u0142u? Kup nogi drewniane toczone Ba\u0142wanek i zachwy\u0107 wszystkich swoim wyj\u0105tkowym sto\u0142em!\" \/>\n<meta name=\"robots\" content=\"index, follow, max-snippet:-1, max-image-preview:large, max-video-preview:-1\" \/>\n<link rel=\"canonical\" href=\"https:\/\/www.woodlegs.pl\/eng\/nogi-toczone\/nogi-drewniane-balwanek\/\" \/>\n<meta property=\"og:locale\" content=\"en_GB\" \/>\n<meta property=\"og:type\" content=\"article\" \/>\n<meta property=\"og:title\" content=\"Nogi toczone Ba\u0142wanek-Nogi drewniane do sto\u0142u-Sklep Woodlegs\" \/>\n<meta property=\"og:description\" content=\"Szukasz nowoczesnych i solidnych n\u00f3g do sto\u0142u? Kup nogi drewniane toczone Ba\u0142wanek i zachwy\u0107 wszystkich swoim wyj\u0105tkowym sto\u0142em!\" \/>\n<meta property=\"og:url\" content=\"https:\/\/www.woodlegs.pl\/eng\/nogi-toczone\/nogi-drewniane-balwanek\/\" \/>\n<meta property=\"og:site_name\" content=\"Woodlegs Company\" \/>\n<meta property=\"article:publisher\" content=\"https:\/\/www.facebook.com\/woodlegs.company\" \/>\n<meta property=\"article:modified_time\" content=\"2026-04-12T17:35:23+00:00\" \/>\n<meta property=\"og:image\" content=\"https:\/\/www.woodlegs.pl\/wp-content\/uploads\/2023\/03\/Balwanek-Stol.jpg\" \/>\n\t<meta property=\"og:image:width\" content=\"1000\" \/>\n\t<meta property=\"og:image:height\" content=\"1000\" \/>\n\t<meta property=\"og:image:type\" content=\"image\/jpeg\" \/>\n<meta name=\"twitter:card\" content=\"summary_large_image\" \/>\n<meta name=\"twitter:label1\" content=\"Estimated reading time\" \/>\n\t<meta name=\"twitter:data1\" content=\"2 minutes\" \/>\n<script type=\"application\/ld+json\" class=\"yoast-schema-graph\">{\"@context\":\"https:\/\/schema.org\",\"@graph\":[{\"@type\":\"WebPage\",\"@id\":\"https:\/\/www.woodlegs.pl\/nogi-toczone\/nogi-drewniane-balwanek\/\",\"url\":\"https:\/\/www.woodlegs.pl\/nogi-toczone\/nogi-drewniane-balwanek\/\",\"name\":\"Nogi toczone Ba\u0142wanek-Nogi drewniane do sto\u0142u-Sklep Woodlegs\",\"isPartOf\":{\"@id\":\"http:\/\/www.woodlegs.pl\/#website\"},\"primaryImageOfPage\":{\"@id\":\"https:\/\/www.woodlegs.pl\/nogi-toczone\/nogi-drewniane-balwanek\/#primaryimage\"},\"image\":{\"@id\":\"https:\/\/www.woodlegs.pl\/nogi-toczone\/nogi-drewniane-balwanek\/#primaryimage\"},\"thumbnailUrl\":\"https:\/\/www.woodlegs.pl\/wp-content\/uploads\/2023\/03\/Balwanek-Stol.jpg\",\"datePublished\":\"2023-03-02T19:41:37+00:00\",\"dateModified\":\"2026-04-12T17:35:23+00:00\",\"description\":\"Szukasz nowoczesnych i solidnych n\u00f3g do sto\u0142u? Kup nogi drewniane toczone Ba\u0142wanek i zachwy\u0107 wszystkich swoim wyj\u0105tkowym sto\u0142em!\",\"breadcrumb\":{\"@id\":\"https:\/\/www.woodlegs.pl\/nogi-toczone\/nogi-drewniane-balwanek\/#breadcrumb\"},\"inLanguage\":\"en-GB\",\"potentialAction\":[{\"@type\":\"ReadAction\",\"target\":[\"https:\/\/www.woodlegs.pl\/nogi-toczone\/nogi-drewniane-balwanek\/\"]}]},{\"@type\":\"ImageObject\",\"inLanguage\":\"en-GB\",\"@id\":\"https:\/\/www.woodlegs.pl\/nogi-toczone\/nogi-drewniane-balwanek\/#primaryimage\",\"url\":\"https:\/\/www.woodlegs.pl\/wp-content\/uploads\/2023\/03\/Balwanek-Stol.jpg\",\"contentUrl\":\"https:\/\/www.woodlegs.pl\/wp-content\/uploads\/2023\/03\/Balwanek-Stol.jpg\",\"width\":1000,\"height\":1000,\"caption\":\"Nogi-toczone-do-sto\u0142u-nogi-drewniane-Ba\u0142wanek-to-model-charakteryzuj\u0105cy-si\u0119-dwiema-kulami-Noga-toczona-zosta\u0142a-wykonana-na-wysoko\u015b\u0107-74cm-nogi-drewniane-wykonane-s\u0105-z-drewna-bukowego-lub-drewna-d\u0119bowego-nogi-do-sto\u0142u-ba\u0142wanek-pasuj\u0105-do-nowoczesnych-wn\u0119trz.\"},{\"@type\":\"BreadcrumbList\",\"@id\":\"https:\/\/www.woodlegs.pl\/nogi-toczone\/nogi-drewniane-balwanek\/#breadcrumb\",\"itemListElement\":[{\"@type\":\"ListItem\",\"position\":1,\"name\":\"Strona g\u0142\u00f3wna\",\"item\":\"http:\/\/www.woodlegs.pl\/\"},{\"@type\":\"ListItem\",\"position\":2,\"name\":\"Sklep\",\"item\":\"http:\/\/www.woodlegs.pl\/sklep\/\"},{\"@type\":\"ListItem\",\"position\":3,\"name\":\"Nogi drewniane Ba\u0142wanek\"}]},{\"@type\":\"WebSite\",\"@id\":\"http:\/\/www.woodlegs.pl\/#website\",\"url\":\"http:\/\/www.woodlegs.pl\/\",\"name\":\"Woodlegs\",\"description\":\"Producent n\u00f3g drewnianych, produkcja n\u00f3g drewnianych\",\"publisher\":{\"@id\":\"http:\/\/www.woodlegs.pl\/#organization\"},\"potentialAction\":[{\"@type\":\"SearchAction\",\"target\":{\"@type\":\"EntryPoint\",\"urlTemplate\":\"http:\/\/www.woodlegs.pl\/?s={search_term_string}\"},\"query-input\":{\"@type\":\"PropertyValueSpecification\",\"valueRequired\":true,\"valueName\":\"search_term_string\"}}],\"inLanguage\":\"en-GB\"},{\"@type\":\"Organization\",\"@id\":\"http:\/\/www.woodlegs.pl\/#organization\",\"name\":\"Woodlegs Company\",\"url\":\"http:\/\/www.woodlegs.pl\/\",\"logo\":{\"@type\":\"ImageObject\",\"inLanguage\":\"en-GB\",\"@id\":\"http:\/\/www.woodlegs.pl\/#\/schema\/logo\/image\/\",\"url\":\"https:\/\/www.woodlegs.pl\/wp-content\/uploads\/2023\/03\/logo-3.png\",\"contentUrl\":\"https:\/\/www.woodlegs.pl\/wp-content\/uploads\/2023\/03\/logo-3.png\",\"width\":605,\"height\":234,\"caption\":\"Woodlegs Company\"},\"image\":{\"@id\":\"http:\/\/www.woodlegs.pl\/#\/schema\/logo\/image\/\"},\"sameAs\":[\"https:\/\/www.facebook.com\/woodlegs.company\",\"https:\/\/www.instagram.com\/woodlegs_company\/\"]}]}<\/script>\n<!-- \/ Yoast SEO plugin. -->","yoast_head_json":{"title":"Nogi toczone Ba\u0142wanek-Nogi drewniane do sto\u0142u-Sklep Woodlegs","description":"Szukasz nowoczesnych i solidnych n\u00f3g do sto\u0142u? Kup nogi drewniane toczone Ba\u0142wanek i zachwy\u0107 wszystkich swoim wyj\u0105tkowym sto\u0142em!","robots":{"index":"index","follow":"follow","max-snippet":"max-snippet:-1","max-image-preview":"max-image-preview:large","max-video-preview":"max-video-preview:-1"},"canonical":"https:\/\/www.woodlegs.pl\/eng\/nogi-toczone\/nogi-drewniane-balwanek\/","og_locale":"en_GB","og_type":"article","og_title":"Nogi toczone Ba\u0142wanek-Nogi drewniane do sto\u0142u-Sklep Woodlegs","og_description":"Szukasz nowoczesnych i solidnych n\u00f3g do sto\u0142u? Kup nogi drewniane toczone Ba\u0142wanek i zachwy\u0107 wszystkich swoim wyj\u0105tkowym sto\u0142em!","og_url":"https:\/\/www.woodlegs.pl\/eng\/nogi-toczone\/nogi-drewniane-balwanek\/","og_site_name":"Woodlegs Company","article_publisher":"https:\/\/www.facebook.com\/woodlegs.company","article_modified_time":"2026-04-12T17:35:23+00:00","og_image":[{"width":1000,"height":1000,"url":"https:\/\/www.woodlegs.pl\/wp-content\/uploads\/2023\/03\/Balwanek-Stol.jpg","type":"image\/jpeg"}],"twitter_card":"summary_large_image","twitter_misc":{"Estimated reading time":"2 minutes"},"schema":{"@context":"https:\/\/schema.org","@graph":[{"@type":"WebPage","@id":"https:\/\/www.woodlegs.pl\/nogi-toczone\/nogi-drewniane-balwanek\/","url":"https:\/\/www.woodlegs.pl\/nogi-toczone\/nogi-drewniane-balwanek\/","name":"Nogi toczone Ba\u0142wanek-Nogi drewniane do sto\u0142u-Sklep Woodlegs","isPartOf":{"@id":"http:\/\/www.woodlegs.pl\/#website"},"primaryImageOfPage":{"@id":"https:\/\/www.woodlegs.pl\/nogi-toczone\/nogi-drewniane-balwanek\/#primaryimage"},"image":{"@id":"https:\/\/www.woodlegs.pl\/nogi-toczone\/nogi-drewniane-balwanek\/#primaryimage"},"thumbnailUrl":"https:\/\/www.woodlegs.pl\/wp-content\/uploads\/2023\/03\/Balwanek-Stol.jpg","datePublished":"2023-03-02T19:41:37+00:00","dateModified":"2026-04-12T17:35:23+00:00","description":"Szukasz nowoczesnych i solidnych n\u00f3g do sto\u0142u? Kup nogi drewniane toczone Ba\u0142wanek i zachwy\u0107 wszystkich swoim wyj\u0105tkowym sto\u0142em!","breadcrumb":{"@id":"https:\/\/www.woodlegs.pl\/nogi-toczone\/nogi-drewniane-balwanek\/#breadcrumb"},"inLanguage":"en-GB","potentialAction":[{"@type":"ReadAction","target":["https:\/\/www.woodlegs.pl\/nogi-toczone\/nogi-drewniane-balwanek\/"]}]},{"@type":"ImageObject","inLanguage":"en-GB","@id":"https:\/\/www.woodlegs.pl\/nogi-toczone\/nogi-drewniane-balwanek\/#primaryimage","url":"https:\/\/www.woodlegs.pl\/wp-content\/uploads\/2023\/03\/Balwanek-Stol.jpg","contentUrl":"https:\/\/www.woodlegs.pl\/wp-content\/uploads\/2023\/03\/Balwanek-Stol.jpg","width":1000,"height":1000,"caption":"Nogi-toczone-do-sto\u0142u-nogi-drewniane-Ba\u0142wanek-to-model-charakteryzuj\u0105cy-si\u0119-dwiema-kulami-Noga-toczona-zosta\u0142a-wykonana-na-wysoko\u015b\u0107-74cm-nogi-drewniane-wykonane-s\u0105-z-drewna-bukowego-lub-drewna-d\u0119bowego-nogi-do-sto\u0142u-ba\u0142wanek-pasuj\u0105-do-nowoczesnych-wn\u0119trz."},{"@type":"BreadcrumbList","@id":"https:\/\/www.woodlegs.pl\/nogi-toczone\/nogi-drewniane-balwanek\/#breadcrumb","itemListElement":[{"@type":"ListItem","position":1,"name":"Strona g\u0142\u00f3wna","item":"http:\/\/www.woodlegs.pl\/"},{"@type":"ListItem","position":2,"name":"Sklep","item":"http:\/\/www.woodlegs.pl\/sklep\/"},{"@type":"ListItem","position":3,"name":"Nogi drewniane Ba\u0142wanek"}]},{"@type":"WebSite","@id":"http:\/\/www.woodlegs.pl\/#website","url":"http:\/\/www.woodlegs.pl\/","name":"Woodlegs","description":"Producent n\u00f3g drewnianych, produkcja n\u00f3g drewnianych","publisher":{"@id":"http:\/\/www.woodlegs.pl\/#organization"},"potentialAction":[{"@type":"SearchAction","target":{"@type":"EntryPoint","urlTemplate":"http:\/\/www.woodlegs.pl\/?s={search_term_string}"},"query-input":{"@type":"PropertyValueSpecification","valueRequired":true,"valueName":"search_term_string"}}],"inLanguage":"en-GB"},{"@type":"Organization","@id":"http:\/\/www.woodlegs.pl\/#organization","name":"Woodlegs Company","url":"http:\/\/www.woodlegs.pl\/","logo":{"@type":"ImageObject","inLanguage":"en-GB","@id":"http:\/\/www.woodlegs.pl\/#\/schema\/logo\/image\/","url":"https:\/\/www.woodlegs.pl\/wp-content\/uploads\/2023\/03\/logo-3.png","contentUrl":"https:\/\/www.woodlegs.pl\/wp-content\/uploads\/2023\/03\/logo-3.png","width":605,"height":234,"caption":"Woodlegs Company"},"image":{"@id":"http:\/\/www.woodlegs.pl\/#\/schema\/logo\/image\/"},"sameAs":["https:\/\/www.facebook.com\/woodlegs.company","https:\/\/www.instagram.com\/woodlegs_company\/"]}]}},"_links":{"self":[{"href":"https:\/\/www.woodlegs.pl\/eng\/wp-json\/wp\/v2\/product\/2498","targetHints":{"allow":["GET"]}}],"collection":[{"href":"https:\/\/www.woodlegs.pl\/eng\/wp-json\/wp\/v2\/product"}],"about":[{"href":"https:\/\/www.woodlegs.pl\/eng\/wp-json\/wp\/v2\/types\/product"}],"wp:featuredmedia":[{"embeddable":true,"href":"https:\/\/www.woodlegs.pl\/eng\/wp-json\/wp\/v2\/media\/3981"}],"wp:attachment":[{"href":"https:\/\/www.woodlegs.pl\/eng\/wp-json\/wp\/v2\/media?parent=2498"}],"wp:term":[{"taxonomy":"product_brand","embeddable":true,"href":"https:\/\/www.woodlegs.pl\/eng\/wp-json\/wp\/v2\/product_brand?post=2498"},{"taxonomy":"product_cat","embeddable":true,"href":"https:\/\/www.woodlegs.pl\/eng\/wp-json\/wp\/v2\/product_cat?post=2498"},{"taxonomy":"product_tag","embeddable":true,"href":"https:\/\/www.woodlegs.pl\/eng\/wp-json\/wp\/v2\/product_tag?post=2498"}],"curies":[{"name":"wp","href":"https:\/\/api.w.org\/{rel}","templated":true}]}}