{"id":2586,"date":"2023-03-02T20:41:52","date_gmt":"2023-03-02T19:41:52","guid":{"rendered":"http:\/\/serwer174992.lh.pl\/autoinstalator\/serwer174992.lh.pl\/wordpress14552\/?post_type=product&#038;p=2586"},"modified":"2026-04-10T06:29:20","modified_gmt":"2026-04-10T04:29:20","slug":"nozki-meblowe-milano-komoda","status":"publish","type":"product","link":"https:\/\/www.woodlegs.pl\/eng\/nogi-toczone\/nozki-meblowe-milano-komoda\/","title":{"rendered":"Milano dresser furniture feet"},"content":{"rendered":"<p>NOTE !<br \/>\nThe picture shows a leg made of oak.<\/p>\n<p>&nbsp;<\/p>","protected":false},"excerpt":{"rendered":"<p>N\u00f3\u017cki meblowe Milano komoda to kropka nad &#8222;i&#8221; w Twoim wymarzonym meblu. Niskie toczone n\u00f3\u017cki o wysoko\u015bci 9 cm nadaj\u0105 si\u0119 idealnie jako stopki meblowe w wszelkiego rodzaju witrynach, komodach, eta\u017cerkach, biurkach, a nawet wykorzystywane jako n\u00f3\u017cki do domku dla lalek!<\/p>","protected":false},"featured_media":3993,"template":"","meta":[],"product_brand":[],"product_cat":[89,66],"product_tag":[],"class_list":{"0":"post-2586","1":"product","2":"type-product","3":"status-publish","4":"has-post-thumbnail","6":"product_cat-nozki-do-mebli","7":"product_cat-nogi-toczone","9":"first","10":"instock","11":"taxable","12":"shipping-taxable","13":"purchasable","14":"product-type-variable","15":"has-default-attributes"},"yoast_head":"<!-- This site is optimized with the Yoast SEO plugin v26.2 - https:\/\/yoast.com\/wordpress\/plugins\/seo\/ -->\n<title>N\u00f3\u017cki meblowe Milano komoda - Producent n\u00f3g drewnianych<\/title>\n<meta name=\"description\" content=\"N\u00f3\u017cki meblowe Milano komoda b\u0119d\u0105 kropk\u0105 nad i w Twoim wymarzonym meblu. N\u00f3\u017cki meblowe toczone o wysoko\u015bci 9 cm wykonane z drewna bukowego. Sprawd\u017a teraz!\" \/>\n<meta name=\"robots\" content=\"index, follow, max-snippet:-1, max-image-preview:large, max-video-preview:-1\" \/>\n<link rel=\"canonical\" href=\"https:\/\/www.woodlegs.pl\/eng\/nogi-toczone\/nozki-meblowe-milano-komoda\/\" \/>\n<meta property=\"og:locale\" content=\"en_GB\" \/>\n<meta property=\"og:type\" content=\"article\" \/>\n<meta property=\"og:title\" content=\"N\u00f3\u017cki meblowe Milano komoda - Producent n\u00f3g drewnianych\" \/>\n<meta property=\"og:description\" content=\"N\u00f3\u017cki meblowe Milano komoda b\u0119d\u0105 kropk\u0105 nad i w Twoim wymarzonym meblu. N\u00f3\u017cki meblowe toczone o wysoko\u015bci 9 cm wykonane z drewna bukowego. Sprawd\u017a teraz!\" \/>\n<meta property=\"og:url\" content=\"https:\/\/www.woodlegs.pl\/eng\/nogi-toczone\/nozki-meblowe-milano-komoda\/\" \/>\n<meta property=\"og:site_name\" content=\"Woodlegs Company\" \/>\n<meta property=\"article:publisher\" content=\"https:\/\/www.facebook.com\/woodlegs.company\" \/>\n<meta property=\"article:modified_time\" content=\"2026-04-10T04:29:20+00:00\" \/>\n<meta property=\"og:image\" content=\"https:\/\/www.woodlegs.pl\/wp-content\/uploads\/2023\/03\/Milano-komoda.jpg\" \/>\n\t<meta property=\"og:image:width\" content=\"1000\" \/>\n\t<meta property=\"og:image:height\" content=\"1000\" \/>\n\t<meta property=\"og:image:type\" content=\"image\/jpeg\" \/>\n<meta name=\"twitter:card\" content=\"summary_large_image\" \/>\n<meta name=\"twitter:label1\" content=\"Estimated reading time\" \/>\n\t<meta name=\"twitter:data1\" content=\"1 minute\" \/>\n<script type=\"application\/ld+json\" class=\"yoast-schema-graph\">{\"@context\":\"https:\/\/schema.org\",\"@graph\":[{\"@type\":\"WebPage\",\"@id\":\"https:\/\/www.woodlegs.pl\/nogi-toczone\/nozki-meblowe-milano-komoda\/\",\"url\":\"https:\/\/www.woodlegs.pl\/nogi-toczone\/nozki-meblowe-milano-komoda\/\",\"name\":\"N\u00f3\u017cki meblowe Milano komoda - Producent n\u00f3g drewnianych\",\"isPartOf\":{\"@id\":\"http:\/\/www.woodlegs.pl\/#website\"},\"primaryImageOfPage\":{\"@id\":\"https:\/\/www.woodlegs.pl\/nogi-toczone\/nozki-meblowe-milano-komoda\/#primaryimage\"},\"image\":{\"@id\":\"https:\/\/www.woodlegs.pl\/nogi-toczone\/nozki-meblowe-milano-komoda\/#primaryimage\"},\"thumbnailUrl\":\"https:\/\/www.woodlegs.pl\/wp-content\/uploads\/2023\/03\/Milano-komoda.jpg\",\"datePublished\":\"2023-03-02T19:41:52+00:00\",\"dateModified\":\"2026-04-10T04:29:20+00:00\",\"description\":\"N\u00f3\u017cki meblowe Milano komoda b\u0119d\u0105 kropk\u0105 nad i w Twoim wymarzonym meblu. N\u00f3\u017cki meblowe toczone o wysoko\u015bci 9 cm wykonane z drewna bukowego. Sprawd\u017a teraz!\",\"breadcrumb\":{\"@id\":\"https:\/\/www.woodlegs.pl\/nogi-toczone\/nozki-meblowe-milano-komoda\/#breadcrumb\"},\"inLanguage\":\"en-GB\",\"potentialAction\":[{\"@type\":\"ReadAction\",\"target\":[\"https:\/\/www.woodlegs.pl\/nogi-toczone\/nozki-meblowe-milano-komoda\/\"]}]},{\"@type\":\"ImageObject\",\"inLanguage\":\"en-GB\",\"@id\":\"https:\/\/www.woodlegs.pl\/nogi-toczone\/nozki-meblowe-milano-komoda\/#primaryimage\",\"url\":\"https:\/\/www.woodlegs.pl\/wp-content\/uploads\/2023\/03\/Milano-komoda.jpg\",\"contentUrl\":\"https:\/\/www.woodlegs.pl\/wp-content\/uploads\/2023\/03\/Milano-komoda.jpg\",\"width\":1000,\"height\":1000,\"caption\":\"n\u00f3\u017cki-meblowe-milano-komoda-n\u00f3\u017cki-do-komody-stopki-meblowe-nogi-do-komody-niskie-n\u00f3\u017cki-woodlegs-nogi-drewniane-producent-n\u00f3g-drewnianych-producent-element\u00f3w-drewnianych\"},{\"@type\":\"BreadcrumbList\",\"@id\":\"https:\/\/www.woodlegs.pl\/nogi-toczone\/nozki-meblowe-milano-komoda\/#breadcrumb\",\"itemListElement\":[{\"@type\":\"ListItem\",\"position\":1,\"name\":\"Strona g\u0142\u00f3wna\",\"item\":\"http:\/\/www.woodlegs.pl\/\"},{\"@type\":\"ListItem\",\"position\":2,\"name\":\"Sklep\",\"item\":\"http:\/\/www.woodlegs.pl\/sklep\/\"},{\"@type\":\"ListItem\",\"position\":3,\"name\":\"N\u00f3\u017cki meblowe Milano komoda\"}]},{\"@type\":\"WebSite\",\"@id\":\"http:\/\/www.woodlegs.pl\/#website\",\"url\":\"http:\/\/www.woodlegs.pl\/\",\"name\":\"Woodlegs\",\"description\":\"Producent n\u00f3g drewnianych, produkcja n\u00f3g drewnianych\",\"publisher\":{\"@id\":\"http:\/\/www.woodlegs.pl\/#organization\"},\"potentialAction\":[{\"@type\":\"SearchAction\",\"target\":{\"@type\":\"EntryPoint\",\"urlTemplate\":\"http:\/\/www.woodlegs.pl\/?s={search_term_string}\"},\"query-input\":{\"@type\":\"PropertyValueSpecification\",\"valueRequired\":true,\"valueName\":\"search_term_string\"}}],\"inLanguage\":\"en-GB\"},{\"@type\":\"Organization\",\"@id\":\"http:\/\/www.woodlegs.pl\/#organization\",\"name\":\"Woodlegs Company\",\"url\":\"http:\/\/www.woodlegs.pl\/\",\"logo\":{\"@type\":\"ImageObject\",\"inLanguage\":\"en-GB\",\"@id\":\"http:\/\/www.woodlegs.pl\/#\/schema\/logo\/image\/\",\"url\":\"https:\/\/www.woodlegs.pl\/wp-content\/uploads\/2023\/03\/logo-3.png\",\"contentUrl\":\"https:\/\/www.woodlegs.pl\/wp-content\/uploads\/2023\/03\/logo-3.png\",\"width\":605,\"height\":234,\"caption\":\"Woodlegs Company\"},\"image\":{\"@id\":\"http:\/\/www.woodlegs.pl\/#\/schema\/logo\/image\/\"},\"sameAs\":[\"https:\/\/www.facebook.com\/woodlegs.company\",\"https:\/\/www.instagram.com\/woodlegs_company\/\"]}]}<\/script>\n<!-- \/ Yoast SEO plugin. -->","yoast_head_json":{"title":"N\u00f3\u017cki meblowe Milano komoda - Producent n\u00f3g drewnianych","description":"N\u00f3\u017cki meblowe Milano komoda b\u0119d\u0105 kropk\u0105 nad i w Twoim wymarzonym meblu. N\u00f3\u017cki meblowe toczone o wysoko\u015bci 9 cm wykonane z drewna bukowego. Sprawd\u017a teraz!","robots":{"index":"index","follow":"follow","max-snippet":"max-snippet:-1","max-image-preview":"max-image-preview:large","max-video-preview":"max-video-preview:-1"},"canonical":"https:\/\/www.woodlegs.pl\/eng\/nogi-toczone\/nozki-meblowe-milano-komoda\/","og_locale":"en_GB","og_type":"article","og_title":"N\u00f3\u017cki meblowe Milano komoda - Producent n\u00f3g drewnianych","og_description":"N\u00f3\u017cki meblowe Milano komoda b\u0119d\u0105 kropk\u0105 nad i w Twoim wymarzonym meblu. N\u00f3\u017cki meblowe toczone o wysoko\u015bci 9 cm wykonane z drewna bukowego. Sprawd\u017a teraz!","og_url":"https:\/\/www.woodlegs.pl\/eng\/nogi-toczone\/nozki-meblowe-milano-komoda\/","og_site_name":"Woodlegs Company","article_publisher":"https:\/\/www.facebook.com\/woodlegs.company","article_modified_time":"2026-04-10T04:29:20+00:00","og_image":[{"width":1000,"height":1000,"url":"https:\/\/www.woodlegs.pl\/wp-content\/uploads\/2023\/03\/Milano-komoda.jpg","type":"image\/jpeg"}],"twitter_card":"summary_large_image","twitter_misc":{"Estimated reading time":"1 minute"},"schema":{"@context":"https:\/\/schema.org","@graph":[{"@type":"WebPage","@id":"https:\/\/www.woodlegs.pl\/nogi-toczone\/nozki-meblowe-milano-komoda\/","url":"https:\/\/www.woodlegs.pl\/nogi-toczone\/nozki-meblowe-milano-komoda\/","name":"N\u00f3\u017cki meblowe Milano komoda - Producent n\u00f3g drewnianych","isPartOf":{"@id":"http:\/\/www.woodlegs.pl\/#website"},"primaryImageOfPage":{"@id":"https:\/\/www.woodlegs.pl\/nogi-toczone\/nozki-meblowe-milano-komoda\/#primaryimage"},"image":{"@id":"https:\/\/www.woodlegs.pl\/nogi-toczone\/nozki-meblowe-milano-komoda\/#primaryimage"},"thumbnailUrl":"https:\/\/www.woodlegs.pl\/wp-content\/uploads\/2023\/03\/Milano-komoda.jpg","datePublished":"2023-03-02T19:41:52+00:00","dateModified":"2026-04-10T04:29:20+00:00","description":"N\u00f3\u017cki meblowe Milano komoda b\u0119d\u0105 kropk\u0105 nad i w Twoim wymarzonym meblu. N\u00f3\u017cki meblowe toczone o wysoko\u015bci 9 cm wykonane z drewna bukowego. Sprawd\u017a teraz!","breadcrumb":{"@id":"https:\/\/www.woodlegs.pl\/nogi-toczone\/nozki-meblowe-milano-komoda\/#breadcrumb"},"inLanguage":"en-GB","potentialAction":[{"@type":"ReadAction","target":["https:\/\/www.woodlegs.pl\/nogi-toczone\/nozki-meblowe-milano-komoda\/"]}]},{"@type":"ImageObject","inLanguage":"en-GB","@id":"https:\/\/www.woodlegs.pl\/nogi-toczone\/nozki-meblowe-milano-komoda\/#primaryimage","url":"https:\/\/www.woodlegs.pl\/wp-content\/uploads\/2023\/03\/Milano-komoda.jpg","contentUrl":"https:\/\/www.woodlegs.pl\/wp-content\/uploads\/2023\/03\/Milano-komoda.jpg","width":1000,"height":1000,"caption":"n\u00f3\u017cki-meblowe-milano-komoda-n\u00f3\u017cki-do-komody-stopki-meblowe-nogi-do-komody-niskie-n\u00f3\u017cki-woodlegs-nogi-drewniane-producent-n\u00f3g-drewnianych-producent-element\u00f3w-drewnianych"},{"@type":"BreadcrumbList","@id":"https:\/\/www.woodlegs.pl\/nogi-toczone\/nozki-meblowe-milano-komoda\/#breadcrumb","itemListElement":[{"@type":"ListItem","position":1,"name":"Strona g\u0142\u00f3wna","item":"http:\/\/www.woodlegs.pl\/"},{"@type":"ListItem","position":2,"name":"Sklep","item":"http:\/\/www.woodlegs.pl\/sklep\/"},{"@type":"ListItem","position":3,"name":"N\u00f3\u017cki meblowe Milano komoda"}]},{"@type":"WebSite","@id":"http:\/\/www.woodlegs.pl\/#website","url":"http:\/\/www.woodlegs.pl\/","name":"Woodlegs","description":"Producent n\u00f3g drewnianych, produkcja n\u00f3g drewnianych","publisher":{"@id":"http:\/\/www.woodlegs.pl\/#organization"},"potentialAction":[{"@type":"SearchAction","target":{"@type":"EntryPoint","urlTemplate":"http:\/\/www.woodlegs.pl\/?s={search_term_string}"},"query-input":{"@type":"PropertyValueSpecification","valueRequired":true,"valueName":"search_term_string"}}],"inLanguage":"en-GB"},{"@type":"Organization","@id":"http:\/\/www.woodlegs.pl\/#organization","name":"Woodlegs Company","url":"http:\/\/www.woodlegs.pl\/","logo":{"@type":"ImageObject","inLanguage":"en-GB","@id":"http:\/\/www.woodlegs.pl\/#\/schema\/logo\/image\/","url":"https:\/\/www.woodlegs.pl\/wp-content\/uploads\/2023\/03\/logo-3.png","contentUrl":"https:\/\/www.woodlegs.pl\/wp-content\/uploads\/2023\/03\/logo-3.png","width":605,"height":234,"caption":"Woodlegs Company"},"image":{"@id":"http:\/\/www.woodlegs.pl\/#\/schema\/logo\/image\/"},"sameAs":["https:\/\/www.facebook.com\/woodlegs.company","https:\/\/www.instagram.com\/woodlegs_company\/"]}]}},"_links":{"self":[{"href":"https:\/\/www.woodlegs.pl\/eng\/wp-json\/wp\/v2\/product\/2586","targetHints":{"allow":["GET"]}}],"collection":[{"href":"https:\/\/www.woodlegs.pl\/eng\/wp-json\/wp\/v2\/product"}],"about":[{"href":"https:\/\/www.woodlegs.pl\/eng\/wp-json\/wp\/v2\/types\/product"}],"wp:featuredmedia":[{"embeddable":true,"href":"https:\/\/www.woodlegs.pl\/eng\/wp-json\/wp\/v2\/media\/3993"}],"wp:attachment":[{"href":"https:\/\/www.woodlegs.pl\/eng\/wp-json\/wp\/v2\/media?parent=2586"}],"wp:term":[{"taxonomy":"product_brand","embeddable":true,"href":"https:\/\/www.woodlegs.pl\/eng\/wp-json\/wp\/v2\/product_brand?post=2586"},{"taxonomy":"product_cat","embeddable":true,"href":"https:\/\/www.woodlegs.pl\/eng\/wp-json\/wp\/v2\/product_cat?post=2586"},{"taxonomy":"product_tag","embeddable":true,"href":"https:\/\/www.woodlegs.pl\/eng\/wp-json\/wp\/v2\/product_tag?post=2586"}],"curies":[{"name":"wp","href":"https:\/\/api.w.org\/{rel}","templated":true}]}}