{"id":2591,"date":"2023-03-02T20:41:52","date_gmt":"2023-03-02T19:41:52","guid":{"rendered":"http:\/\/serwer174992.lh.pl\/autoinstalator\/serwer174992.lh.pl\/wordpress14552\/?post_type=product&#038;p=2591"},"modified":"2026-03-23T16:17:07","modified_gmt":"2026-03-23T15:17:07","slug":"noga-do-blatu-kuchennego-marsylia-98-cm","status":"publish","type":"product","link":"https:\/\/www.woodlegs.pl\/eng\/noga-do-blatu-kuchennego\/noga-do-blatu-kuchennego-marsylia-98-cm\/","title":{"rendered":"Leg for Marseille kitchen worktop 98 cm"},"content":{"rendered":"<p><strong>Leg for Marseille kitchen worktop 98 cm <\/strong>is a special edition for projects needing higher legs.<br \/>\n<strong>Turned leg for console<\/strong> has been designed and manufactured in such a way that everyone can freely adjust the dimensions needed for themselves.<br \/>\nIf you need <strong>wooden leg 90 cm<\/strong>, <strong>wooden leg 95 cm<\/strong>, <strong>wooden leg 98 cm<\/strong> and any other dimension you can achieve, just cut it down.<br \/>\n<strong>Leg for Marseille kitchen worktop 98 cm<\/strong> can be cut off at the top as well as at the bottom, so that you get your desired leg size without losing the look.<\/p>\n<p>Pictured <strong>wooden leg for console<\/strong>, was made <u>of beech wood<\/u>.<\/p>\n<p>It is possible to make <strong>wooden legs of beech, ash and oak.<\/strong><br \/>\n<strong>Rolled leg Marseille<\/strong> is suitably prepared for further refinishing.<\/p>\n<p><strong>Beech wood legs<\/strong> are <u>dispatched the following working day.<\/u><br \/>\n<strong>Oak wooden legs<\/strong> and <u>ash<\/u> are made to order. Waiting time is up to 4 weeks.<\/p>\n<p>Are you an architect? Do you use our wooden leg models for your visualisations and realisations?<br \/>\nGet back to us!<\/p>","protected":false},"excerpt":{"rendered":"<p>A kitchen worktop leg can serve many functions in your dream kitchen. It is often used as a countertop support at the kitchen island or acts as a decoration. Trim our kitchen worktop leg if you need a lower one. You can cut the marseille 98 cm pattern from both the top and bottom, so the leg will not lose its shape. Please see the description below for more information.<\/p>\n<p>&nbsp;<\/p>\n<p>Need more legs than the magazine shows? Get in touch with us! We sometimes have a larger quantity in our stock that is not yet included here. Call or write to us.<\/p>","protected":false},"featured_media":4709,"template":"","meta":[],"product_brand":[],"product_cat":[66,82,67],"product_tag":[],"class_list":{"0":"post-2591","1":"product","2":"type-product","3":"status-publish","4":"has-post-thumbnail","6":"product_cat-nogi-toczone","7":"product_cat-noga-do-blatu-kuchennego","8":"product_cat-nogi-do-konsoli","10":"first","11":"instock","12":"taxable","13":"shipping-taxable","14":"purchasable","15":"product-type-variable"},"yoast_head":"<!-- This site is optimized with the Yoast SEO plugin v26.2 - https:\/\/yoast.com\/wordpress\/plugins\/seo\/ -->\n<title>Noga do blatu kuchennego Marsylia 98 cm<\/title>\n<meta name=\"description\" content=\"Noga do blatu kuchennego Marsylia 98 cm to nogi toczone, kt\u00f3re idealnie si\u0119 nadaj\u0105 jako nogi do wyspy kuchennej. Sprawd\u017a nasz\u0105 ofert\u0119!\" \/>\n<meta name=\"robots\" content=\"index, follow, max-snippet:-1, max-image-preview:large, max-video-preview:-1\" \/>\n<link rel=\"canonical\" href=\"https:\/\/www.woodlegs.pl\/eng\/noga-do-blatu-kuchennego\/noga-do-blatu-kuchennego-marsylia-98-cm\/\" \/>\n<meta property=\"og:locale\" content=\"en_GB\" \/>\n<meta property=\"og:type\" content=\"article\" \/>\n<meta property=\"og:title\" content=\"Noga do blatu kuchennego Marsylia 98 cm\" \/>\n<meta property=\"og:description\" content=\"Noga do blatu kuchennego Marsylia 98 cm to nogi toczone, kt\u00f3re idealnie si\u0119 nadaj\u0105 jako nogi do wyspy kuchennej. Sprawd\u017a nasz\u0105 ofert\u0119!\" \/>\n<meta property=\"og:url\" content=\"https:\/\/www.woodlegs.pl\/eng\/noga-do-blatu-kuchennego\/noga-do-blatu-kuchennego-marsylia-98-cm\/\" \/>\n<meta property=\"og:site_name\" content=\"Woodlegs Company\" \/>\n<meta property=\"article:publisher\" content=\"https:\/\/www.facebook.com\/woodlegs.company\" \/>\n<meta property=\"article:modified_time\" content=\"2026-03-23T15:17:07+00:00\" \/>\n<meta property=\"og:image\" content=\"https:\/\/www.woodlegs.pl\/wp-content\/uploads\/2023\/03\/Marsylia-98-cm.png\" \/>\n\t<meta property=\"og:image:width\" content=\"1000\" \/>\n\t<meta property=\"og:image:height\" content=\"1000\" \/>\n\t<meta property=\"og:image:type\" content=\"image\/png\" \/>\n<meta name=\"twitter:card\" content=\"summary_large_image\" \/>\n<meta name=\"twitter:label1\" content=\"Estimated reading time\" \/>\n\t<meta name=\"twitter:data1\" content=\"2 minutes\" \/>\n<script type=\"application\/ld+json\" class=\"yoast-schema-graph\">{\"@context\":\"https:\/\/schema.org\",\"@graph\":[{\"@type\":\"WebPage\",\"@id\":\"https:\/\/www.woodlegs.pl\/noga-do-blatu-kuchennego\/noga-do-blatu-kuchennego-marsylia-98-cm\/\",\"url\":\"https:\/\/www.woodlegs.pl\/noga-do-blatu-kuchennego\/noga-do-blatu-kuchennego-marsylia-98-cm\/\",\"name\":\"Noga do blatu kuchennego Marsylia 98 cm\",\"isPartOf\":{\"@id\":\"http:\/\/www.woodlegs.pl\/#website\"},\"primaryImageOfPage\":{\"@id\":\"https:\/\/www.woodlegs.pl\/noga-do-blatu-kuchennego\/noga-do-blatu-kuchennego-marsylia-98-cm\/#primaryimage\"},\"image\":{\"@id\":\"https:\/\/www.woodlegs.pl\/noga-do-blatu-kuchennego\/noga-do-blatu-kuchennego-marsylia-98-cm\/#primaryimage\"},\"thumbnailUrl\":\"https:\/\/www.woodlegs.pl\/wp-content\/uploads\/2023\/03\/Marsylia-98-cm.png\",\"datePublished\":\"2023-03-02T19:41:52+00:00\",\"dateModified\":\"2026-03-23T15:17:07+00:00\",\"description\":\"Noga do blatu kuchennego Marsylia 98 cm to nogi toczone, kt\u00f3re idealnie si\u0119 nadaj\u0105 jako nogi do wyspy kuchennej. Sprawd\u017a nasz\u0105 ofert\u0119!\",\"breadcrumb\":{\"@id\":\"https:\/\/www.woodlegs.pl\/noga-do-blatu-kuchennego\/noga-do-blatu-kuchennego-marsylia-98-cm\/#breadcrumb\"},\"inLanguage\":\"en-GB\",\"potentialAction\":[{\"@type\":\"ReadAction\",\"target\":[\"https:\/\/www.woodlegs.pl\/noga-do-blatu-kuchennego\/noga-do-blatu-kuchennego-marsylia-98-cm\/\"]}]},{\"@type\":\"ImageObject\",\"inLanguage\":\"en-GB\",\"@id\":\"https:\/\/www.woodlegs.pl\/noga-do-blatu-kuchennego\/noga-do-blatu-kuchennego-marsylia-98-cm\/#primaryimage\",\"url\":\"https:\/\/www.woodlegs.pl\/wp-content\/uploads\/2023\/03\/Marsylia-98-cm.png\",\"contentUrl\":\"https:\/\/www.woodlegs.pl\/wp-content\/uploads\/2023\/03\/Marsylia-98-cm.png\",\"width\":1000,\"height\":1000,\"caption\":\"Nogi-drewniane-do-wyspy-wysokie-98cm- noga-drewniana-wykonana-z-drewna-bukowego-wykonana-przez-producenta-n\u00f3g-drewnianych-nogi-do-blatu-idealne-do-wyspy-blatu-kuchennego-nogi-drewniane-w-stylu-prowansalskim-noga-toczona-drewniana\"},{\"@type\":\"BreadcrumbList\",\"@id\":\"https:\/\/www.woodlegs.pl\/noga-do-blatu-kuchennego\/noga-do-blatu-kuchennego-marsylia-98-cm\/#breadcrumb\",\"itemListElement\":[{\"@type\":\"ListItem\",\"position\":1,\"name\":\"Strona g\u0142\u00f3wna\",\"item\":\"http:\/\/www.woodlegs.pl\/\"},{\"@type\":\"ListItem\",\"position\":2,\"name\":\"Sklep\",\"item\":\"http:\/\/www.woodlegs.pl\/sklep\/\"},{\"@type\":\"ListItem\",\"position\":3,\"name\":\"Noga do blatu kuchennego Marsylia 98 cm\"}]},{\"@type\":\"WebSite\",\"@id\":\"http:\/\/www.woodlegs.pl\/#website\",\"url\":\"http:\/\/www.woodlegs.pl\/\",\"name\":\"Woodlegs\",\"description\":\"Producent n\u00f3g drewnianych, produkcja n\u00f3g drewnianych\",\"publisher\":{\"@id\":\"http:\/\/www.woodlegs.pl\/#organization\"},\"potentialAction\":[{\"@type\":\"SearchAction\",\"target\":{\"@type\":\"EntryPoint\",\"urlTemplate\":\"http:\/\/www.woodlegs.pl\/?s={search_term_string}\"},\"query-input\":{\"@type\":\"PropertyValueSpecification\",\"valueRequired\":true,\"valueName\":\"search_term_string\"}}],\"inLanguage\":\"en-GB\"},{\"@type\":\"Organization\",\"@id\":\"http:\/\/www.woodlegs.pl\/#organization\",\"name\":\"Woodlegs Company\",\"url\":\"http:\/\/www.woodlegs.pl\/\",\"logo\":{\"@type\":\"ImageObject\",\"inLanguage\":\"en-GB\",\"@id\":\"http:\/\/www.woodlegs.pl\/#\/schema\/logo\/image\/\",\"url\":\"https:\/\/www.woodlegs.pl\/wp-content\/uploads\/2023\/03\/logo-3.png\",\"contentUrl\":\"https:\/\/www.woodlegs.pl\/wp-content\/uploads\/2023\/03\/logo-3.png\",\"width\":605,\"height\":234,\"caption\":\"Woodlegs Company\"},\"image\":{\"@id\":\"http:\/\/www.woodlegs.pl\/#\/schema\/logo\/image\/\"},\"sameAs\":[\"https:\/\/www.facebook.com\/woodlegs.company\",\"https:\/\/www.instagram.com\/woodlegs_company\/\"]}]}<\/script>\n<!-- \/ Yoast SEO plugin. -->","yoast_head_json":{"title":"Noga do blatu kuchennego Marsylia 98 cm","description":"Noga do blatu kuchennego Marsylia 98 cm to nogi toczone, kt\u00f3re idealnie si\u0119 nadaj\u0105 jako nogi do wyspy kuchennej. Sprawd\u017a nasz\u0105 ofert\u0119!","robots":{"index":"index","follow":"follow","max-snippet":"max-snippet:-1","max-image-preview":"max-image-preview:large","max-video-preview":"max-video-preview:-1"},"canonical":"https:\/\/www.woodlegs.pl\/eng\/noga-do-blatu-kuchennego\/noga-do-blatu-kuchennego-marsylia-98-cm\/","og_locale":"en_GB","og_type":"article","og_title":"Noga do blatu kuchennego Marsylia 98 cm","og_description":"Noga do blatu kuchennego Marsylia 98 cm to nogi toczone, kt\u00f3re idealnie si\u0119 nadaj\u0105 jako nogi do wyspy kuchennej. Sprawd\u017a nasz\u0105 ofert\u0119!","og_url":"https:\/\/www.woodlegs.pl\/eng\/noga-do-blatu-kuchennego\/noga-do-blatu-kuchennego-marsylia-98-cm\/","og_site_name":"Woodlegs Company","article_publisher":"https:\/\/www.facebook.com\/woodlegs.company","article_modified_time":"2026-03-23T15:17:07+00:00","og_image":[{"width":1000,"height":1000,"url":"https:\/\/www.woodlegs.pl\/wp-content\/uploads\/2023\/03\/Marsylia-98-cm.png","type":"image\/png"}],"twitter_card":"summary_large_image","twitter_misc":{"Estimated reading time":"2 minutes"},"schema":{"@context":"https:\/\/schema.org","@graph":[{"@type":"WebPage","@id":"https:\/\/www.woodlegs.pl\/noga-do-blatu-kuchennego\/noga-do-blatu-kuchennego-marsylia-98-cm\/","url":"https:\/\/www.woodlegs.pl\/noga-do-blatu-kuchennego\/noga-do-blatu-kuchennego-marsylia-98-cm\/","name":"Noga do blatu kuchennego Marsylia 98 cm","isPartOf":{"@id":"http:\/\/www.woodlegs.pl\/#website"},"primaryImageOfPage":{"@id":"https:\/\/www.woodlegs.pl\/noga-do-blatu-kuchennego\/noga-do-blatu-kuchennego-marsylia-98-cm\/#primaryimage"},"image":{"@id":"https:\/\/www.woodlegs.pl\/noga-do-blatu-kuchennego\/noga-do-blatu-kuchennego-marsylia-98-cm\/#primaryimage"},"thumbnailUrl":"https:\/\/www.woodlegs.pl\/wp-content\/uploads\/2023\/03\/Marsylia-98-cm.png","datePublished":"2023-03-02T19:41:52+00:00","dateModified":"2026-03-23T15:17:07+00:00","description":"Noga do blatu kuchennego Marsylia 98 cm to nogi toczone, kt\u00f3re idealnie si\u0119 nadaj\u0105 jako nogi do wyspy kuchennej. Sprawd\u017a nasz\u0105 ofert\u0119!","breadcrumb":{"@id":"https:\/\/www.woodlegs.pl\/noga-do-blatu-kuchennego\/noga-do-blatu-kuchennego-marsylia-98-cm\/#breadcrumb"},"inLanguage":"en-GB","potentialAction":[{"@type":"ReadAction","target":["https:\/\/www.woodlegs.pl\/noga-do-blatu-kuchennego\/noga-do-blatu-kuchennego-marsylia-98-cm\/"]}]},{"@type":"ImageObject","inLanguage":"en-GB","@id":"https:\/\/www.woodlegs.pl\/noga-do-blatu-kuchennego\/noga-do-blatu-kuchennego-marsylia-98-cm\/#primaryimage","url":"https:\/\/www.woodlegs.pl\/wp-content\/uploads\/2023\/03\/Marsylia-98-cm.png","contentUrl":"https:\/\/www.woodlegs.pl\/wp-content\/uploads\/2023\/03\/Marsylia-98-cm.png","width":1000,"height":1000,"caption":"Nogi-drewniane-do-wyspy-wysokie-98cm- noga-drewniana-wykonana-z-drewna-bukowego-wykonana-przez-producenta-n\u00f3g-drewnianych-nogi-do-blatu-idealne-do-wyspy-blatu-kuchennego-nogi-drewniane-w-stylu-prowansalskim-noga-toczona-drewniana"},{"@type":"BreadcrumbList","@id":"https:\/\/www.woodlegs.pl\/noga-do-blatu-kuchennego\/noga-do-blatu-kuchennego-marsylia-98-cm\/#breadcrumb","itemListElement":[{"@type":"ListItem","position":1,"name":"Strona g\u0142\u00f3wna","item":"http:\/\/www.woodlegs.pl\/"},{"@type":"ListItem","position":2,"name":"Sklep","item":"http:\/\/www.woodlegs.pl\/sklep\/"},{"@type":"ListItem","position":3,"name":"Noga do blatu kuchennego Marsylia 98 cm"}]},{"@type":"WebSite","@id":"http:\/\/www.woodlegs.pl\/#website","url":"http:\/\/www.woodlegs.pl\/","name":"Woodlegs","description":"Producent n\u00f3g drewnianych, produkcja n\u00f3g drewnianych","publisher":{"@id":"http:\/\/www.woodlegs.pl\/#organization"},"potentialAction":[{"@type":"SearchAction","target":{"@type":"EntryPoint","urlTemplate":"http:\/\/www.woodlegs.pl\/?s={search_term_string}"},"query-input":{"@type":"PropertyValueSpecification","valueRequired":true,"valueName":"search_term_string"}}],"inLanguage":"en-GB"},{"@type":"Organization","@id":"http:\/\/www.woodlegs.pl\/#organization","name":"Woodlegs Company","url":"http:\/\/www.woodlegs.pl\/","logo":{"@type":"ImageObject","inLanguage":"en-GB","@id":"http:\/\/www.woodlegs.pl\/#\/schema\/logo\/image\/","url":"https:\/\/www.woodlegs.pl\/wp-content\/uploads\/2023\/03\/logo-3.png","contentUrl":"https:\/\/www.woodlegs.pl\/wp-content\/uploads\/2023\/03\/logo-3.png","width":605,"height":234,"caption":"Woodlegs Company"},"image":{"@id":"http:\/\/www.woodlegs.pl\/#\/schema\/logo\/image\/"},"sameAs":["https:\/\/www.facebook.com\/woodlegs.company","https:\/\/www.instagram.com\/woodlegs_company\/"]}]}},"_links":{"self":[{"href":"https:\/\/www.woodlegs.pl\/eng\/wp-json\/wp\/v2\/product\/2591","targetHints":{"allow":["GET"]}}],"collection":[{"href":"https:\/\/www.woodlegs.pl\/eng\/wp-json\/wp\/v2\/product"}],"about":[{"href":"https:\/\/www.woodlegs.pl\/eng\/wp-json\/wp\/v2\/types\/product"}],"wp:featuredmedia":[{"embeddable":true,"href":"https:\/\/www.woodlegs.pl\/eng\/wp-json\/wp\/v2\/media\/4709"}],"wp:attachment":[{"href":"https:\/\/www.woodlegs.pl\/eng\/wp-json\/wp\/v2\/media?parent=2591"}],"wp:term":[{"taxonomy":"product_brand","embeddable":true,"href":"https:\/\/www.woodlegs.pl\/eng\/wp-json\/wp\/v2\/product_brand?post=2591"},{"taxonomy":"product_cat","embeddable":true,"href":"https:\/\/www.woodlegs.pl\/eng\/wp-json\/wp\/v2\/product_cat?post=2591"},{"taxonomy":"product_tag","embeddable":true,"href":"https:\/\/www.woodlegs.pl\/eng\/wp-json\/wp\/v2\/product_tag?post=2591"}],"curies":[{"name":"wp","href":"https:\/\/api.w.org\/{rel}","templated":true}]}}