{"id":2599,"date":"2023-03-02T20:41:52","date_gmt":"2023-03-02T19:41:52","guid":{"rendered":"http:\/\/serwer174992.lh.pl\/autoinstalator\/serwer174992.lh.pl\/wordpress14552\/?post_type=product&#038;p=2599"},"modified":"2026-03-23T19:19:55","modified_gmt":"2026-03-23T18:19:55","slug":"nogi-drewniane-ludwik-sredni","status":"publish","type":"product","link":"https:\/\/www.woodlegs.pl\/eng\/nogi-do-stolu\/nogi-drewniane-ludwik-sredni\/","title":{"rendered":"Wooden legs Ludwik Medium"},"content":{"rendered":"","protected":false},"excerpt":{"rendered":"","protected":false},"featured_media":3954,"template":"","meta":[],"product_brand":[],"product_cat":[79,68],"product_tag":[],"class_list":{"0":"post-2599","1":"product","2":"type-product","3":"status-publish","4":"has-post-thumbnail","6":"product_cat-nogi-do-stolu","7":"product_cat-nogi-drewniane-ludwik","9":"first","10":"outofstock","11":"taxable","12":"shipping-taxable","13":"product-type-variable"},"yoast_head":"<!-- This site is optimized with the Yoast SEO plugin v26.2 - https:\/\/yoast.com\/wordpress\/plugins\/seo\/ -->\n<title>Nogi drewniane Ludwik \u015aredni - Nogi do sto\u0142u Ludwik XVI<\/title>\n<meta name=\"description\" content=\"Nogi drewniane Ludwik \u015aredni cz\u0119sto wykorzystywane s\u0105 jako nogi do sto\u0142u, a jeszcze cz\u0119\u015bciej do klasycznej toaletki. Sprawd\u017a ten ponadczasowy wz\u00f3r!\" \/>\n<meta name=\"robots\" content=\"index, follow, max-snippet:-1, max-image-preview:large, max-video-preview:-1\" \/>\n<link rel=\"canonical\" href=\"https:\/\/www.woodlegs.pl\/eng\/nogi-do-stolu\/nogi-drewniane-ludwik-sredni\/\" \/>\n<meta property=\"og:locale\" content=\"en_GB\" \/>\n<meta property=\"og:type\" content=\"article\" \/>\n<meta property=\"og:title\" content=\"Nogi drewniane Ludwik \u015aredni - Nogi do sto\u0142u Ludwik XVI\" \/>\n<meta property=\"og:description\" content=\"Nogi drewniane Ludwik \u015aredni cz\u0119sto wykorzystywane s\u0105 jako nogi do sto\u0142u, a jeszcze cz\u0119\u015bciej do klasycznej toaletki. Sprawd\u017a ten ponadczasowy wz\u00f3r!\" \/>\n<meta property=\"og:url\" content=\"https:\/\/www.woodlegs.pl\/eng\/nogi-do-stolu\/nogi-drewniane-ludwik-sredni\/\" \/>\n<meta property=\"og:site_name\" content=\"Woodlegs Company\" \/>\n<meta property=\"article:publisher\" content=\"https:\/\/www.facebook.com\/woodlegs.company\" \/>\n<meta property=\"article:modified_time\" content=\"2026-03-23T18:19:55+00:00\" \/>\n<meta property=\"og:image\" content=\"https:\/\/www.woodlegs.pl\/wp-content\/uploads\/2023\/03\/Ludwik-Sredni.jpg\" \/>\n\t<meta property=\"og:image:width\" content=\"1000\" \/>\n\t<meta property=\"og:image:height\" content=\"1000\" \/>\n\t<meta property=\"og:image:type\" content=\"image\/jpeg\" \/>\n<meta name=\"twitter:card\" content=\"summary_large_image\" \/>\n<meta name=\"twitter:label1\" content=\"Estimated reading time\" \/>\n\t<meta name=\"twitter:data1\" content=\"1 minute\" \/>\n<script type=\"application\/ld+json\" class=\"yoast-schema-graph\">{\"@context\":\"https:\/\/schema.org\",\"@graph\":[{\"@type\":\"WebPage\",\"@id\":\"https:\/\/www.woodlegs.pl\/nogi-do-stolu\/nogi-drewniane-ludwik-sredni\/\",\"url\":\"https:\/\/www.woodlegs.pl\/nogi-do-stolu\/nogi-drewniane-ludwik-sredni\/\",\"name\":\"Nogi drewniane Ludwik \u015aredni - Nogi do sto\u0142u Ludwik XVI\",\"isPartOf\":{\"@id\":\"http:\/\/www.woodlegs.pl\/#website\"},\"primaryImageOfPage\":{\"@id\":\"https:\/\/www.woodlegs.pl\/nogi-do-stolu\/nogi-drewniane-ludwik-sredni\/#primaryimage\"},\"image\":{\"@id\":\"https:\/\/www.woodlegs.pl\/nogi-do-stolu\/nogi-drewniane-ludwik-sredni\/#primaryimage\"},\"thumbnailUrl\":\"https:\/\/www.woodlegs.pl\/wp-content\/uploads\/2023\/03\/Ludwik-Sredni.jpg\",\"datePublished\":\"2023-03-02T19:41:52+00:00\",\"dateModified\":\"2026-03-23T18:19:55+00:00\",\"description\":\"Nogi drewniane Ludwik \u015aredni cz\u0119sto wykorzystywane s\u0105 jako nogi do sto\u0142u, a jeszcze cz\u0119\u015bciej do klasycznej toaletki. Sprawd\u017a ten ponadczasowy wz\u00f3r!\",\"breadcrumb\":{\"@id\":\"https:\/\/www.woodlegs.pl\/nogi-do-stolu\/nogi-drewniane-ludwik-sredni\/#breadcrumb\"},\"inLanguage\":\"en-GB\",\"potentialAction\":[{\"@type\":\"ReadAction\",\"target\":[\"https:\/\/www.woodlegs.pl\/nogi-do-stolu\/nogi-drewniane-ludwik-sredni\/\"]}]},{\"@type\":\"ImageObject\",\"inLanguage\":\"en-GB\",\"@id\":\"https:\/\/www.woodlegs.pl\/nogi-do-stolu\/nogi-drewniane-ludwik-sredni\/#primaryimage\",\"url\":\"https:\/\/www.woodlegs.pl\/wp-content\/uploads\/2023\/03\/Ludwik-Sredni.jpg\",\"contentUrl\":\"https:\/\/www.woodlegs.pl\/wp-content\/uploads\/2023\/03\/Ludwik-Sredni.jpg\",\"width\":1000,\"height\":1000,\"caption\":\"nogi-drewniane-ludwik-sredni-nogi-toczone-nogi-tloczone-ludwik-xvi-producent-nog-drewnianych-woodlegs-company\"},{\"@type\":\"BreadcrumbList\",\"@id\":\"https:\/\/www.woodlegs.pl\/nogi-do-stolu\/nogi-drewniane-ludwik-sredni\/#breadcrumb\",\"itemListElement\":[{\"@type\":\"ListItem\",\"position\":1,\"name\":\"Strona g\u0142\u00f3wna\",\"item\":\"http:\/\/www.woodlegs.pl\/\"},{\"@type\":\"ListItem\",\"position\":2,\"name\":\"Sklep\",\"item\":\"http:\/\/www.woodlegs.pl\/sklep\/\"},{\"@type\":\"ListItem\",\"position\":3,\"name\":\"Nogi drewniane Ludwik \u015aredni\"}]},{\"@type\":\"WebSite\",\"@id\":\"http:\/\/www.woodlegs.pl\/#website\",\"url\":\"http:\/\/www.woodlegs.pl\/\",\"name\":\"Woodlegs\",\"description\":\"Producent n\u00f3g drewnianych, produkcja n\u00f3g drewnianych\",\"publisher\":{\"@id\":\"http:\/\/www.woodlegs.pl\/#organization\"},\"potentialAction\":[{\"@type\":\"SearchAction\",\"target\":{\"@type\":\"EntryPoint\",\"urlTemplate\":\"http:\/\/www.woodlegs.pl\/?s={search_term_string}\"},\"query-input\":{\"@type\":\"PropertyValueSpecification\",\"valueRequired\":true,\"valueName\":\"search_term_string\"}}],\"inLanguage\":\"en-GB\"},{\"@type\":\"Organization\",\"@id\":\"http:\/\/www.woodlegs.pl\/#organization\",\"name\":\"Woodlegs Company\",\"url\":\"http:\/\/www.woodlegs.pl\/\",\"logo\":{\"@type\":\"ImageObject\",\"inLanguage\":\"en-GB\",\"@id\":\"http:\/\/www.woodlegs.pl\/#\/schema\/logo\/image\/\",\"url\":\"https:\/\/www.woodlegs.pl\/wp-content\/uploads\/2023\/03\/logo-3.png\",\"contentUrl\":\"https:\/\/www.woodlegs.pl\/wp-content\/uploads\/2023\/03\/logo-3.png\",\"width\":605,\"height\":234,\"caption\":\"Woodlegs Company\"},\"image\":{\"@id\":\"http:\/\/www.woodlegs.pl\/#\/schema\/logo\/image\/\"},\"sameAs\":[\"https:\/\/www.facebook.com\/woodlegs.company\",\"https:\/\/www.instagram.com\/woodlegs_company\/\"]}]}<\/script>\n<!-- \/ Yoast SEO plugin. -->","yoast_head_json":{"title":"Nogi drewniane Ludwik \u015aredni - Nogi do sto\u0142u Ludwik XVI","description":"Nogi drewniane Ludwik \u015aredni cz\u0119sto wykorzystywane s\u0105 jako nogi do sto\u0142u, a jeszcze cz\u0119\u015bciej do klasycznej toaletki. Sprawd\u017a ten ponadczasowy wz\u00f3r!","robots":{"index":"index","follow":"follow","max-snippet":"max-snippet:-1","max-image-preview":"max-image-preview:large","max-video-preview":"max-video-preview:-1"},"canonical":"https:\/\/www.woodlegs.pl\/eng\/nogi-do-stolu\/nogi-drewniane-ludwik-sredni\/","og_locale":"en_GB","og_type":"article","og_title":"Nogi drewniane Ludwik \u015aredni - Nogi do sto\u0142u Ludwik XVI","og_description":"Nogi drewniane Ludwik \u015aredni cz\u0119sto wykorzystywane s\u0105 jako nogi do sto\u0142u, a jeszcze cz\u0119\u015bciej do klasycznej toaletki. Sprawd\u017a ten ponadczasowy wz\u00f3r!","og_url":"https:\/\/www.woodlegs.pl\/eng\/nogi-do-stolu\/nogi-drewniane-ludwik-sredni\/","og_site_name":"Woodlegs Company","article_publisher":"https:\/\/www.facebook.com\/woodlegs.company","article_modified_time":"2026-03-23T18:19:55+00:00","og_image":[{"width":1000,"height":1000,"url":"https:\/\/www.woodlegs.pl\/wp-content\/uploads\/2023\/03\/Ludwik-Sredni.jpg","type":"image\/jpeg"}],"twitter_card":"summary_large_image","twitter_misc":{"Estimated reading time":"1 minute"},"schema":{"@context":"https:\/\/schema.org","@graph":[{"@type":"WebPage","@id":"https:\/\/www.woodlegs.pl\/nogi-do-stolu\/nogi-drewniane-ludwik-sredni\/","url":"https:\/\/www.woodlegs.pl\/nogi-do-stolu\/nogi-drewniane-ludwik-sredni\/","name":"Nogi drewniane Ludwik \u015aredni - Nogi do sto\u0142u Ludwik XVI","isPartOf":{"@id":"http:\/\/www.woodlegs.pl\/#website"},"primaryImageOfPage":{"@id":"https:\/\/www.woodlegs.pl\/nogi-do-stolu\/nogi-drewniane-ludwik-sredni\/#primaryimage"},"image":{"@id":"https:\/\/www.woodlegs.pl\/nogi-do-stolu\/nogi-drewniane-ludwik-sredni\/#primaryimage"},"thumbnailUrl":"https:\/\/www.woodlegs.pl\/wp-content\/uploads\/2023\/03\/Ludwik-Sredni.jpg","datePublished":"2023-03-02T19:41:52+00:00","dateModified":"2026-03-23T18:19:55+00:00","description":"Nogi drewniane Ludwik \u015aredni cz\u0119sto wykorzystywane s\u0105 jako nogi do sto\u0142u, a jeszcze cz\u0119\u015bciej do klasycznej toaletki. Sprawd\u017a ten ponadczasowy wz\u00f3r!","breadcrumb":{"@id":"https:\/\/www.woodlegs.pl\/nogi-do-stolu\/nogi-drewniane-ludwik-sredni\/#breadcrumb"},"inLanguage":"en-GB","potentialAction":[{"@type":"ReadAction","target":["https:\/\/www.woodlegs.pl\/nogi-do-stolu\/nogi-drewniane-ludwik-sredni\/"]}]},{"@type":"ImageObject","inLanguage":"en-GB","@id":"https:\/\/www.woodlegs.pl\/nogi-do-stolu\/nogi-drewniane-ludwik-sredni\/#primaryimage","url":"https:\/\/www.woodlegs.pl\/wp-content\/uploads\/2023\/03\/Ludwik-Sredni.jpg","contentUrl":"https:\/\/www.woodlegs.pl\/wp-content\/uploads\/2023\/03\/Ludwik-Sredni.jpg","width":1000,"height":1000,"caption":"nogi-drewniane-ludwik-sredni-nogi-toczone-nogi-tloczone-ludwik-xvi-producent-nog-drewnianych-woodlegs-company"},{"@type":"BreadcrumbList","@id":"https:\/\/www.woodlegs.pl\/nogi-do-stolu\/nogi-drewniane-ludwik-sredni\/#breadcrumb","itemListElement":[{"@type":"ListItem","position":1,"name":"Strona g\u0142\u00f3wna","item":"http:\/\/www.woodlegs.pl\/"},{"@type":"ListItem","position":2,"name":"Sklep","item":"http:\/\/www.woodlegs.pl\/sklep\/"},{"@type":"ListItem","position":3,"name":"Nogi drewniane Ludwik \u015aredni"}]},{"@type":"WebSite","@id":"http:\/\/www.woodlegs.pl\/#website","url":"http:\/\/www.woodlegs.pl\/","name":"Woodlegs","description":"Producent n\u00f3g drewnianych, produkcja n\u00f3g drewnianych","publisher":{"@id":"http:\/\/www.woodlegs.pl\/#organization"},"potentialAction":[{"@type":"SearchAction","target":{"@type":"EntryPoint","urlTemplate":"http:\/\/www.woodlegs.pl\/?s={search_term_string}"},"query-input":{"@type":"PropertyValueSpecification","valueRequired":true,"valueName":"search_term_string"}}],"inLanguage":"en-GB"},{"@type":"Organization","@id":"http:\/\/www.woodlegs.pl\/#organization","name":"Woodlegs Company","url":"http:\/\/www.woodlegs.pl\/","logo":{"@type":"ImageObject","inLanguage":"en-GB","@id":"http:\/\/www.woodlegs.pl\/#\/schema\/logo\/image\/","url":"https:\/\/www.woodlegs.pl\/wp-content\/uploads\/2023\/03\/logo-3.png","contentUrl":"https:\/\/www.woodlegs.pl\/wp-content\/uploads\/2023\/03\/logo-3.png","width":605,"height":234,"caption":"Woodlegs Company"},"image":{"@id":"http:\/\/www.woodlegs.pl\/#\/schema\/logo\/image\/"},"sameAs":["https:\/\/www.facebook.com\/woodlegs.company","https:\/\/www.instagram.com\/woodlegs_company\/"]}]}},"_links":{"self":[{"href":"https:\/\/www.woodlegs.pl\/eng\/wp-json\/wp\/v2\/product\/2599","targetHints":{"allow":["GET"]}}],"collection":[{"href":"https:\/\/www.woodlegs.pl\/eng\/wp-json\/wp\/v2\/product"}],"about":[{"href":"https:\/\/www.woodlegs.pl\/eng\/wp-json\/wp\/v2\/types\/product"}],"wp:featuredmedia":[{"embeddable":true,"href":"https:\/\/www.woodlegs.pl\/eng\/wp-json\/wp\/v2\/media\/3954"}],"wp:attachment":[{"href":"https:\/\/www.woodlegs.pl\/eng\/wp-json\/wp\/v2\/media?parent=2599"}],"wp:term":[{"taxonomy":"product_brand","embeddable":true,"href":"https:\/\/www.woodlegs.pl\/eng\/wp-json\/wp\/v2\/product_brand?post=2599"},{"taxonomy":"product_cat","embeddable":true,"href":"https:\/\/www.woodlegs.pl\/eng\/wp-json\/wp\/v2\/product_cat?post=2599"},{"taxonomy":"product_tag","embeddable":true,"href":"https:\/\/www.woodlegs.pl\/eng\/wp-json\/wp\/v2\/product_tag?post=2599"}],"curies":[{"name":"wp","href":"https:\/\/api.w.org\/{rel}","templated":true}]}}