{"id":2756,"date":"2023-03-02T20:42:22","date_gmt":"2023-03-02T19:42:22","guid":{"rendered":"http:\/\/serwer174992.lh.pl\/autoinstalator\/serwer174992.lh.pl\/wordpress14552\/?post_type=product&#038;p=2756"},"modified":"2026-03-23T19:55:50","modified_gmt":"2026-03-23T18:55:50","slug":"drewniana-podstawa-do-stolu-melba-classic","status":"publish","type":"product","link":"https:\/\/www.woodlegs.pl\/eng\/podstawy-do-stolu\/drewniana-podstawa-do-stolu-melba-classic\/","title":{"rendered":"Wooden table base Melba Classic"},"content":{"rendered":"<div class=\"row\">\n<div class=\"col-md-7\">\n<div class=\"product_text_container\">\n<div class=\"row\">\n<div class=\"col-md-7\">\n<div class=\"product_text_container\"><\/div>\n<\/div>\n<\/div>\n<\/div>\n<\/div>\n<\/div>\n<div class=\"products_slider_container\">\n<div class=\"title\"><strong>\u00a0<\/strong><\/div>\n<\/div>","protected":false},"excerpt":{"rendered":"<p>\u00a0<\/p>","protected":false},"featured_media":2786,"template":"","meta":[],"product_brand":[],"product_cat":[79,74],"product_tag":[],"class_list":{"0":"post-2756","1":"product","2":"type-product","3":"status-publish","4":"has-post-thumbnail","6":"product_cat-nogi-do-stolu","7":"product_cat-podstawy-do-stolu","9":"first","10":"instock","11":"taxable","12":"shipping-taxable","13":"purchasable","14":"product-type-variable"},"yoast_head":"<!-- This site is optimized with the Yoast SEO plugin v26.2 - https:\/\/yoast.com\/wordpress\/plugins\/seo\/ -->\n<title>Podstawa do okr\u0105g\u0142ego sto\u0142u do sto\u0142u Melba Classic<\/title>\n<meta name=\"description\" content=\"Drewniana podstawa do sto\u0142u Melba Classic jest jednym z najcz\u0119stszych wybor\u00f3w. \u015awietnie sprawdza si\u0119 zar\u00f3wno przy blatach kwadratowych jak i okr\u0105g\u0142ych.\" \/>\n<meta name=\"robots\" content=\"index, follow, max-snippet:-1, max-image-preview:large, max-video-preview:-1\" \/>\n<link rel=\"canonical\" href=\"https:\/\/www.woodlegs.pl\/eng\/podstawy-do-stolu\/drewniana-podstawa-do-stolu-melba-classic\/\" \/>\n<meta property=\"og:locale\" content=\"en_GB\" \/>\n<meta property=\"og:type\" content=\"article\" \/>\n<meta property=\"og:title\" content=\"Podstawa do okr\u0105g\u0142ego sto\u0142u do sto\u0142u Melba Classic\" \/>\n<meta property=\"og:description\" content=\"Drewniana podstawa do sto\u0142u Melba Classic jest jednym z najcz\u0119stszych wybor\u00f3w. \u015awietnie sprawdza si\u0119 zar\u00f3wno przy blatach kwadratowych jak i okr\u0105g\u0142ych.\" \/>\n<meta property=\"og:url\" content=\"https:\/\/www.woodlegs.pl\/eng\/podstawy-do-stolu\/drewniana-podstawa-do-stolu-melba-classic\/\" \/>\n<meta property=\"og:site_name\" content=\"Woodlegs Company\" \/>\n<meta property=\"article:publisher\" content=\"https:\/\/www.facebook.com\/woodlegs.company\" \/>\n<meta property=\"article:modified_time\" content=\"2026-03-23T18:55:50+00:00\" \/>\n<meta property=\"og:image\" content=\"https:\/\/www.woodlegs.pl\/wp-content\/uploads\/2023\/03\/nogi-drewniane-melba-classic-06221.jpg\" \/>\n\t<meta property=\"og:image:width\" content=\"768\" \/>\n\t<meta property=\"og:image:height\" content=\"768\" \/>\n\t<meta property=\"og:image:type\" content=\"image\/jpeg\" \/>\n<meta name=\"twitter:card\" content=\"summary_large_image\" \/>\n<meta name=\"twitter:label1\" content=\"Estimated reading time\" \/>\n\t<meta name=\"twitter:data1\" content=\"1 minute\" \/>\n<script type=\"application\/ld+json\" class=\"yoast-schema-graph\">{\"@context\":\"https:\/\/schema.org\",\"@graph\":[{\"@type\":\"WebPage\",\"@id\":\"https:\/\/www.woodlegs.pl\/podstawy-do-stolu\/drewniana-podstawa-do-stolu-melba-classic\/\",\"url\":\"https:\/\/www.woodlegs.pl\/podstawy-do-stolu\/drewniana-podstawa-do-stolu-melba-classic\/\",\"name\":\"Podstawa do okr\u0105g\u0142ego sto\u0142u do sto\u0142u Melba Classic\",\"isPartOf\":{\"@id\":\"http:\/\/www.woodlegs.pl\/#website\"},\"primaryImageOfPage\":{\"@id\":\"https:\/\/www.woodlegs.pl\/podstawy-do-stolu\/drewniana-podstawa-do-stolu-melba-classic\/#primaryimage\"},\"image\":{\"@id\":\"https:\/\/www.woodlegs.pl\/podstawy-do-stolu\/drewniana-podstawa-do-stolu-melba-classic\/#primaryimage\"},\"thumbnailUrl\":\"https:\/\/www.woodlegs.pl\/wp-content\/uploads\/2023\/03\/nogi-drewniane-melba-classic-06221.jpg\",\"datePublished\":\"2023-03-02T19:42:22+00:00\",\"dateModified\":\"2026-03-23T18:55:50+00:00\",\"description\":\"Drewniana podstawa do sto\u0142u Melba Classic jest jednym z najcz\u0119stszych wybor\u00f3w. \u015awietnie sprawdza si\u0119 zar\u00f3wno przy blatach kwadratowych jak i okr\u0105g\u0142ych.\",\"breadcrumb\":{\"@id\":\"https:\/\/www.woodlegs.pl\/podstawy-do-stolu\/drewniana-podstawa-do-stolu-melba-classic\/#breadcrumb\"},\"inLanguage\":\"en-GB\",\"potentialAction\":[{\"@type\":\"ReadAction\",\"target\":[\"https:\/\/www.woodlegs.pl\/podstawy-do-stolu\/drewniana-podstawa-do-stolu-melba-classic\/\"]}]},{\"@type\":\"ImageObject\",\"inLanguage\":\"en-GB\",\"@id\":\"https:\/\/www.woodlegs.pl\/podstawy-do-stolu\/drewniana-podstawa-do-stolu-melba-classic\/#primaryimage\",\"url\":\"https:\/\/www.woodlegs.pl\/wp-content\/uploads\/2023\/03\/nogi-drewniane-melba-classic-06221.jpg\",\"contentUrl\":\"https:\/\/www.woodlegs.pl\/wp-content\/uploads\/2023\/03\/nogi-drewniane-melba-classic-06221.jpg\",\"width\":768,\"height\":768,\"caption\":\"drewniana-podstawa-do-stolu-melba-classic-nogi-drewniane-producent-nog-drewnianych-woodlegs-woodenlegs-melba-podstawa-do-okr\u0105g\u0142ego-sto\u0142u-nogi-drewniane\"},{\"@type\":\"BreadcrumbList\",\"@id\":\"https:\/\/www.woodlegs.pl\/podstawy-do-stolu\/drewniana-podstawa-do-stolu-melba-classic\/#breadcrumb\",\"itemListElement\":[{\"@type\":\"ListItem\",\"position\":1,\"name\":\"Strona g\u0142\u00f3wna\",\"item\":\"http:\/\/www.woodlegs.pl\/\"},{\"@type\":\"ListItem\",\"position\":2,\"name\":\"Sklep\",\"item\":\"http:\/\/www.woodlegs.pl\/sklep\/\"},{\"@type\":\"ListItem\",\"position\":3,\"name\":\"Drewniana podstawa do sto\u0142u Melba Classic\"}]},{\"@type\":\"WebSite\",\"@id\":\"http:\/\/www.woodlegs.pl\/#website\",\"url\":\"http:\/\/www.woodlegs.pl\/\",\"name\":\"Woodlegs\",\"description\":\"Producent n\u00f3g drewnianych, produkcja n\u00f3g drewnianych\",\"publisher\":{\"@id\":\"http:\/\/www.woodlegs.pl\/#organization\"},\"potentialAction\":[{\"@type\":\"SearchAction\",\"target\":{\"@type\":\"EntryPoint\",\"urlTemplate\":\"http:\/\/www.woodlegs.pl\/?s={search_term_string}\"},\"query-input\":{\"@type\":\"PropertyValueSpecification\",\"valueRequired\":true,\"valueName\":\"search_term_string\"}}],\"inLanguage\":\"en-GB\"},{\"@type\":\"Organization\",\"@id\":\"http:\/\/www.woodlegs.pl\/#organization\",\"name\":\"Woodlegs Company\",\"url\":\"http:\/\/www.woodlegs.pl\/\",\"logo\":{\"@type\":\"ImageObject\",\"inLanguage\":\"en-GB\",\"@id\":\"http:\/\/www.woodlegs.pl\/#\/schema\/logo\/image\/\",\"url\":\"https:\/\/www.woodlegs.pl\/wp-content\/uploads\/2023\/03\/logo-3.png\",\"contentUrl\":\"https:\/\/www.woodlegs.pl\/wp-content\/uploads\/2023\/03\/logo-3.png\",\"width\":605,\"height\":234,\"caption\":\"Woodlegs Company\"},\"image\":{\"@id\":\"http:\/\/www.woodlegs.pl\/#\/schema\/logo\/image\/\"},\"sameAs\":[\"https:\/\/www.facebook.com\/woodlegs.company\",\"https:\/\/www.instagram.com\/woodlegs_company\/\"]}]}<\/script>\n<!-- \/ Yoast SEO plugin. -->","yoast_head_json":{"title":"Podstawa do okr\u0105g\u0142ego sto\u0142u do sto\u0142u Melba Classic","description":"Drewniana podstawa do sto\u0142u Melba Classic jest jednym z najcz\u0119stszych wybor\u00f3w. \u015awietnie sprawdza si\u0119 zar\u00f3wno przy blatach kwadratowych jak i okr\u0105g\u0142ych.","robots":{"index":"index","follow":"follow","max-snippet":"max-snippet:-1","max-image-preview":"max-image-preview:large","max-video-preview":"max-video-preview:-1"},"canonical":"https:\/\/www.woodlegs.pl\/eng\/podstawy-do-stolu\/drewniana-podstawa-do-stolu-melba-classic\/","og_locale":"en_GB","og_type":"article","og_title":"Podstawa do okr\u0105g\u0142ego sto\u0142u do sto\u0142u Melba Classic","og_description":"Drewniana podstawa do sto\u0142u Melba Classic jest jednym z najcz\u0119stszych wybor\u00f3w. \u015awietnie sprawdza si\u0119 zar\u00f3wno przy blatach kwadratowych jak i okr\u0105g\u0142ych.","og_url":"https:\/\/www.woodlegs.pl\/eng\/podstawy-do-stolu\/drewniana-podstawa-do-stolu-melba-classic\/","og_site_name":"Woodlegs Company","article_publisher":"https:\/\/www.facebook.com\/woodlegs.company","article_modified_time":"2026-03-23T18:55:50+00:00","og_image":[{"width":768,"height":768,"url":"https:\/\/www.woodlegs.pl\/wp-content\/uploads\/2023\/03\/nogi-drewniane-melba-classic-06221.jpg","type":"image\/jpeg"}],"twitter_card":"summary_large_image","twitter_misc":{"Estimated reading time":"1 minute"},"schema":{"@context":"https:\/\/schema.org","@graph":[{"@type":"WebPage","@id":"https:\/\/www.woodlegs.pl\/podstawy-do-stolu\/drewniana-podstawa-do-stolu-melba-classic\/","url":"https:\/\/www.woodlegs.pl\/podstawy-do-stolu\/drewniana-podstawa-do-stolu-melba-classic\/","name":"Podstawa do okr\u0105g\u0142ego sto\u0142u do sto\u0142u Melba Classic","isPartOf":{"@id":"http:\/\/www.woodlegs.pl\/#website"},"primaryImageOfPage":{"@id":"https:\/\/www.woodlegs.pl\/podstawy-do-stolu\/drewniana-podstawa-do-stolu-melba-classic\/#primaryimage"},"image":{"@id":"https:\/\/www.woodlegs.pl\/podstawy-do-stolu\/drewniana-podstawa-do-stolu-melba-classic\/#primaryimage"},"thumbnailUrl":"https:\/\/www.woodlegs.pl\/wp-content\/uploads\/2023\/03\/nogi-drewniane-melba-classic-06221.jpg","datePublished":"2023-03-02T19:42:22+00:00","dateModified":"2026-03-23T18:55:50+00:00","description":"Drewniana podstawa do sto\u0142u Melba Classic jest jednym z najcz\u0119stszych wybor\u00f3w. \u015awietnie sprawdza si\u0119 zar\u00f3wno przy blatach kwadratowych jak i okr\u0105g\u0142ych.","breadcrumb":{"@id":"https:\/\/www.woodlegs.pl\/podstawy-do-stolu\/drewniana-podstawa-do-stolu-melba-classic\/#breadcrumb"},"inLanguage":"en-GB","potentialAction":[{"@type":"ReadAction","target":["https:\/\/www.woodlegs.pl\/podstawy-do-stolu\/drewniana-podstawa-do-stolu-melba-classic\/"]}]},{"@type":"ImageObject","inLanguage":"en-GB","@id":"https:\/\/www.woodlegs.pl\/podstawy-do-stolu\/drewniana-podstawa-do-stolu-melba-classic\/#primaryimage","url":"https:\/\/www.woodlegs.pl\/wp-content\/uploads\/2023\/03\/nogi-drewniane-melba-classic-06221.jpg","contentUrl":"https:\/\/www.woodlegs.pl\/wp-content\/uploads\/2023\/03\/nogi-drewniane-melba-classic-06221.jpg","width":768,"height":768,"caption":"drewniana-podstawa-do-stolu-melba-classic-nogi-drewniane-producent-nog-drewnianych-woodlegs-woodenlegs-melba-podstawa-do-okr\u0105g\u0142ego-sto\u0142u-nogi-drewniane"},{"@type":"BreadcrumbList","@id":"https:\/\/www.woodlegs.pl\/podstawy-do-stolu\/drewniana-podstawa-do-stolu-melba-classic\/#breadcrumb","itemListElement":[{"@type":"ListItem","position":1,"name":"Strona g\u0142\u00f3wna","item":"http:\/\/www.woodlegs.pl\/"},{"@type":"ListItem","position":2,"name":"Sklep","item":"http:\/\/www.woodlegs.pl\/sklep\/"},{"@type":"ListItem","position":3,"name":"Drewniana podstawa do sto\u0142u Melba Classic"}]},{"@type":"WebSite","@id":"http:\/\/www.woodlegs.pl\/#website","url":"http:\/\/www.woodlegs.pl\/","name":"Woodlegs","description":"Producent n\u00f3g drewnianych, produkcja n\u00f3g drewnianych","publisher":{"@id":"http:\/\/www.woodlegs.pl\/#organization"},"potentialAction":[{"@type":"SearchAction","target":{"@type":"EntryPoint","urlTemplate":"http:\/\/www.woodlegs.pl\/?s={search_term_string}"},"query-input":{"@type":"PropertyValueSpecification","valueRequired":true,"valueName":"search_term_string"}}],"inLanguage":"en-GB"},{"@type":"Organization","@id":"http:\/\/www.woodlegs.pl\/#organization","name":"Woodlegs Company","url":"http:\/\/www.woodlegs.pl\/","logo":{"@type":"ImageObject","inLanguage":"en-GB","@id":"http:\/\/www.woodlegs.pl\/#\/schema\/logo\/image\/","url":"https:\/\/www.woodlegs.pl\/wp-content\/uploads\/2023\/03\/logo-3.png","contentUrl":"https:\/\/www.woodlegs.pl\/wp-content\/uploads\/2023\/03\/logo-3.png","width":605,"height":234,"caption":"Woodlegs Company"},"image":{"@id":"http:\/\/www.woodlegs.pl\/#\/schema\/logo\/image\/"},"sameAs":["https:\/\/www.facebook.com\/woodlegs.company","https:\/\/www.instagram.com\/woodlegs_company\/"]}]}},"_links":{"self":[{"href":"https:\/\/www.woodlegs.pl\/eng\/wp-json\/wp\/v2\/product\/2756","targetHints":{"allow":["GET"]}}],"collection":[{"href":"https:\/\/www.woodlegs.pl\/eng\/wp-json\/wp\/v2\/product"}],"about":[{"href":"https:\/\/www.woodlegs.pl\/eng\/wp-json\/wp\/v2\/types\/product"}],"wp:featuredmedia":[{"embeddable":true,"href":"https:\/\/www.woodlegs.pl\/eng\/wp-json\/wp\/v2\/media\/2786"}],"wp:attachment":[{"href":"https:\/\/www.woodlegs.pl\/eng\/wp-json\/wp\/v2\/media?parent=2756"}],"wp:term":[{"taxonomy":"product_brand","embeddable":true,"href":"https:\/\/www.woodlegs.pl\/eng\/wp-json\/wp\/v2\/product_brand?post=2756"},{"taxonomy":"product_cat","embeddable":true,"href":"https:\/\/www.woodlegs.pl\/eng\/wp-json\/wp\/v2\/product_cat?post=2756"},{"taxonomy":"product_tag","embeddable":true,"href":"https:\/\/www.woodlegs.pl\/eng\/wp-json\/wp\/v2\/product_tag?post=2756"}],"curies":[{"name":"wp","href":"https:\/\/api.w.org\/{rel}","templated":true}]}}