{"id":2758,"date":"2023-03-02T20:42:22","date_gmt":"2023-03-02T19:42:22","guid":{"rendered":"http:\/\/serwer174992.lh.pl\/autoinstalator\/serwer174992.lh.pl\/wordpress14552\/?post_type=product&#038;p=2758"},"modified":"2026-03-23T19:54:55","modified_gmt":"2026-03-23T18:54:55","slug":"drewniana-podstawa-do-stolu-melba","status":"publish","type":"product","link":"https:\/\/www.woodlegs.pl\/eng\/podstawy-do-stolu\/drewniana-podstawa-do-stolu-melba\/","title":{"rendered":"Wooden table base Melba"},"content":{"rendered":"<div class=\"row\">\n<div class=\"col-md-7\">\n<div class=\"product_text_container\">\n<div class=\"row\">\n<div class=\"col-md-7\">\n<div class=\"product_text_container\"><\/div>\n<\/div>\n<\/div>\n<\/div>\n<\/div>\n<\/div>\n<div class=\"products_slider_container\">\n<div class=\"title\"><\/div>\n<\/div>","protected":false},"excerpt":{"rendered":"","protected":false},"featured_media":2787,"template":"","meta":[],"product_brand":[],"product_cat":[79,74],"product_tag":[],"class_list":{"0":"post-2758","1":"product","2":"type-product","3":"status-publish","4":"has-post-thumbnail","6":"product_cat-nogi-do-stolu","7":"product_cat-podstawy-do-stolu","9":"first","10":"instock","11":"taxable","12":"shipping-taxable","13":"purchasable","14":"product-type-variable"},"yoast_head":"<!-- This site is optimized with the Yoast SEO plugin v26.2 - https:\/\/yoast.com\/wordpress\/plugins\/seo\/ -->\n<title>Drewniana podstawa do sto\u0142u Melba - Sklep Producenta<\/title>\n<meta name=\"description\" content=\"St\u00f3\u0142 na jednej nodze? Wybierz drewniana podstawa do sto\u0142u Melba. Wyst\u0119puje w dw\u00f3ch grubo\u015bciach. Idealnie pasuje do okr\u0105g\u0142ego i kwadratowego blatu. Sprawd\u017a!\" \/>\n<meta name=\"robots\" content=\"index, follow, max-snippet:-1, max-image-preview:large, max-video-preview:-1\" \/>\n<link rel=\"canonical\" href=\"http:\/\/www.woodlegs.pl\/eng\/podstawy-do-stolu\/drewniana-podstawa-do-stolu-melba\/\" \/>\n<meta property=\"og:locale\" content=\"en_GB\" \/>\n<meta property=\"og:type\" content=\"article\" \/>\n<meta property=\"og:title\" content=\"Drewniana podstawa do sto\u0142u Melba - Sklep Producenta\" \/>\n<meta property=\"og:description\" content=\"St\u00f3\u0142 na jednej nodze? Wybierz drewniana podstawa do sto\u0142u Melba. Wyst\u0119puje w dw\u00f3ch grubo\u015bciach. Idealnie pasuje do okr\u0105g\u0142ego i kwadratowego blatu. Sprawd\u017a!\" \/>\n<meta property=\"og:url\" content=\"http:\/\/www.woodlegs.pl\/eng\/podstawy-do-stolu\/drewniana-podstawa-do-stolu-melba\/\" \/>\n<meta property=\"og:site_name\" content=\"Woodlegs Company\" \/>\n<meta property=\"article:publisher\" content=\"https:\/\/www.facebook.com\/woodlegs.company\" \/>\n<meta property=\"article:modified_time\" content=\"2026-03-23T18:54:55+00:00\" \/>\n<meta property=\"og:image\" content=\"https:\/\/www.woodlegs.pl\/wp-content\/uploads\/2023\/03\/nogi-drewniane-melba-76139.jpg\" \/>\n\t<meta property=\"og:image:width\" content=\"768\" \/>\n\t<meta property=\"og:image:height\" content=\"768\" \/>\n\t<meta property=\"og:image:type\" content=\"image\/jpeg\" \/>\n<meta name=\"twitter:card\" content=\"summary_large_image\" \/>\n<meta name=\"twitter:label1\" content=\"Estimated reading time\" \/>\n\t<meta name=\"twitter:data1\" content=\"1 minute\" \/>\n<script type=\"application\/ld+json\" class=\"yoast-schema-graph\">{\"@context\":\"https:\/\/schema.org\",\"@graph\":[{\"@type\":\"WebPage\",\"@id\":\"http:\/\/www.woodlegs.pl\/eng\/podstawy-do-stolu\/drewniana-podstawa-do-stolu-melba\/\",\"url\":\"http:\/\/www.woodlegs.pl\/eng\/podstawy-do-stolu\/drewniana-podstawa-do-stolu-melba\/\",\"name\":\"Drewniana podstawa do sto\u0142u Melba - Sklep Producenta\",\"isPartOf\":{\"@id\":\"http:\/\/www.woodlegs.pl\/#website\"},\"primaryImageOfPage\":{\"@id\":\"http:\/\/www.woodlegs.pl\/eng\/podstawy-do-stolu\/drewniana-podstawa-do-stolu-melba\/#primaryimage\"},\"image\":{\"@id\":\"http:\/\/www.woodlegs.pl\/eng\/podstawy-do-stolu\/drewniana-podstawa-do-stolu-melba\/#primaryimage\"},\"thumbnailUrl\":\"https:\/\/www.woodlegs.pl\/wp-content\/uploads\/2023\/03\/nogi-drewniane-melba-76139.jpg\",\"datePublished\":\"2023-03-02T19:42:22+00:00\",\"dateModified\":\"2026-03-23T18:54:55+00:00\",\"description\":\"St\u00f3\u0142 na jednej nodze? Wybierz drewniana podstawa do sto\u0142u Melba. Wyst\u0119puje w dw\u00f3ch grubo\u015bciach. Idealnie pasuje do okr\u0105g\u0142ego i kwadratowego blatu. Sprawd\u017a!\",\"breadcrumb\":{\"@id\":\"http:\/\/www.woodlegs.pl\/eng\/podstawy-do-stolu\/drewniana-podstawa-do-stolu-melba\/#breadcrumb\"},\"inLanguage\":\"en-GB\",\"potentialAction\":[{\"@type\":\"ReadAction\",\"target\":[\"http:\/\/www.woodlegs.pl\/eng\/podstawy-do-stolu\/drewniana-podstawa-do-stolu-melba\/\"]}]},{\"@type\":\"ImageObject\",\"inLanguage\":\"en-GB\",\"@id\":\"http:\/\/www.woodlegs.pl\/eng\/podstawy-do-stolu\/drewniana-podstawa-do-stolu-melba\/#primaryimage\",\"url\":\"https:\/\/www.woodlegs.pl\/wp-content\/uploads\/2023\/03\/nogi-drewniane-melba-76139.jpg\",\"contentUrl\":\"https:\/\/www.woodlegs.pl\/wp-content\/uploads\/2023\/03\/nogi-drewniane-melba-76139.jpg\",\"width\":768,\"height\":768,\"caption\":\"drewniana-podstawa-do-stolu-melba-nogi-do-blatu-solidna-podstawa-do-stolu-producent-nog-drewnianych-woodlegs-company\"},{\"@type\":\"BreadcrumbList\",\"@id\":\"http:\/\/www.woodlegs.pl\/eng\/podstawy-do-stolu\/drewniana-podstawa-do-stolu-melba\/#breadcrumb\",\"itemListElement\":[{\"@type\":\"ListItem\",\"position\":1,\"name\":\"Strona g\u0142\u00f3wna\",\"item\":\"http:\/\/www.woodlegs.pl\/\"},{\"@type\":\"ListItem\",\"position\":2,\"name\":\"Sklep\",\"item\":\"http:\/\/www.woodlegs.pl\/sklep\/\"},{\"@type\":\"ListItem\",\"position\":3,\"name\":\"Drewniana podstawa do sto\u0142u Melba\"}]},{\"@type\":\"WebSite\",\"@id\":\"http:\/\/www.woodlegs.pl\/#website\",\"url\":\"http:\/\/www.woodlegs.pl\/\",\"name\":\"Woodlegs\",\"description\":\"Producent n\u00f3g drewnianych, produkcja n\u00f3g drewnianych\",\"publisher\":{\"@id\":\"http:\/\/www.woodlegs.pl\/#organization\"},\"potentialAction\":[{\"@type\":\"SearchAction\",\"target\":{\"@type\":\"EntryPoint\",\"urlTemplate\":\"http:\/\/www.woodlegs.pl\/?s={search_term_string}\"},\"query-input\":{\"@type\":\"PropertyValueSpecification\",\"valueRequired\":true,\"valueName\":\"search_term_string\"}}],\"inLanguage\":\"en-GB\"},{\"@type\":\"Organization\",\"@id\":\"http:\/\/www.woodlegs.pl\/#organization\",\"name\":\"Woodlegs Company\",\"url\":\"http:\/\/www.woodlegs.pl\/\",\"logo\":{\"@type\":\"ImageObject\",\"inLanguage\":\"en-GB\",\"@id\":\"http:\/\/www.woodlegs.pl\/#\/schema\/logo\/image\/\",\"url\":\"https:\/\/www.woodlegs.pl\/wp-content\/uploads\/2023\/03\/logo-3.png\",\"contentUrl\":\"https:\/\/www.woodlegs.pl\/wp-content\/uploads\/2023\/03\/logo-3.png\",\"width\":605,\"height\":234,\"caption\":\"Woodlegs Company\"},\"image\":{\"@id\":\"http:\/\/www.woodlegs.pl\/#\/schema\/logo\/image\/\"},\"sameAs\":[\"https:\/\/www.facebook.com\/woodlegs.company\",\"https:\/\/www.instagram.com\/woodlegs_company\/\"]}]}<\/script>\n<!-- \/ Yoast SEO plugin. -->","yoast_head_json":{"title":"Drewniana podstawa do sto\u0142u Melba - Sklep Producenta","description":"St\u00f3\u0142 na jednej nodze? Wybierz drewniana podstawa do sto\u0142u Melba. Wyst\u0119puje w dw\u00f3ch grubo\u015bciach. Idealnie pasuje do okr\u0105g\u0142ego i kwadratowego blatu. Sprawd\u017a!","robots":{"index":"index","follow":"follow","max-snippet":"max-snippet:-1","max-image-preview":"max-image-preview:large","max-video-preview":"max-video-preview:-1"},"canonical":"http:\/\/www.woodlegs.pl\/eng\/podstawy-do-stolu\/drewniana-podstawa-do-stolu-melba\/","og_locale":"en_GB","og_type":"article","og_title":"Drewniana podstawa do sto\u0142u Melba - Sklep Producenta","og_description":"St\u00f3\u0142 na jednej nodze? Wybierz drewniana podstawa do sto\u0142u Melba. Wyst\u0119puje w dw\u00f3ch grubo\u015bciach. Idealnie pasuje do okr\u0105g\u0142ego i kwadratowego blatu. Sprawd\u017a!","og_url":"http:\/\/www.woodlegs.pl\/eng\/podstawy-do-stolu\/drewniana-podstawa-do-stolu-melba\/","og_site_name":"Woodlegs Company","article_publisher":"https:\/\/www.facebook.com\/woodlegs.company","article_modified_time":"2026-03-23T18:54:55+00:00","og_image":[{"width":768,"height":768,"url":"https:\/\/www.woodlegs.pl\/wp-content\/uploads\/2023\/03\/nogi-drewniane-melba-76139.jpg","type":"image\/jpeg"}],"twitter_card":"summary_large_image","twitter_misc":{"Estimated reading time":"1 minute"},"schema":{"@context":"https:\/\/schema.org","@graph":[{"@type":"WebPage","@id":"http:\/\/www.woodlegs.pl\/eng\/podstawy-do-stolu\/drewniana-podstawa-do-stolu-melba\/","url":"http:\/\/www.woodlegs.pl\/eng\/podstawy-do-stolu\/drewniana-podstawa-do-stolu-melba\/","name":"Drewniana podstawa do sto\u0142u Melba - Sklep Producenta","isPartOf":{"@id":"http:\/\/www.woodlegs.pl\/#website"},"primaryImageOfPage":{"@id":"http:\/\/www.woodlegs.pl\/eng\/podstawy-do-stolu\/drewniana-podstawa-do-stolu-melba\/#primaryimage"},"image":{"@id":"http:\/\/www.woodlegs.pl\/eng\/podstawy-do-stolu\/drewniana-podstawa-do-stolu-melba\/#primaryimage"},"thumbnailUrl":"https:\/\/www.woodlegs.pl\/wp-content\/uploads\/2023\/03\/nogi-drewniane-melba-76139.jpg","datePublished":"2023-03-02T19:42:22+00:00","dateModified":"2026-03-23T18:54:55+00:00","description":"St\u00f3\u0142 na jednej nodze? Wybierz drewniana podstawa do sto\u0142u Melba. Wyst\u0119puje w dw\u00f3ch grubo\u015bciach. Idealnie pasuje do okr\u0105g\u0142ego i kwadratowego blatu. Sprawd\u017a!","breadcrumb":{"@id":"http:\/\/www.woodlegs.pl\/eng\/podstawy-do-stolu\/drewniana-podstawa-do-stolu-melba\/#breadcrumb"},"inLanguage":"en-GB","potentialAction":[{"@type":"ReadAction","target":["http:\/\/www.woodlegs.pl\/eng\/podstawy-do-stolu\/drewniana-podstawa-do-stolu-melba\/"]}]},{"@type":"ImageObject","inLanguage":"en-GB","@id":"http:\/\/www.woodlegs.pl\/eng\/podstawy-do-stolu\/drewniana-podstawa-do-stolu-melba\/#primaryimage","url":"https:\/\/www.woodlegs.pl\/wp-content\/uploads\/2023\/03\/nogi-drewniane-melba-76139.jpg","contentUrl":"https:\/\/www.woodlegs.pl\/wp-content\/uploads\/2023\/03\/nogi-drewniane-melba-76139.jpg","width":768,"height":768,"caption":"drewniana-podstawa-do-stolu-melba-nogi-do-blatu-solidna-podstawa-do-stolu-producent-nog-drewnianych-woodlegs-company"},{"@type":"BreadcrumbList","@id":"http:\/\/www.woodlegs.pl\/eng\/podstawy-do-stolu\/drewniana-podstawa-do-stolu-melba\/#breadcrumb","itemListElement":[{"@type":"ListItem","position":1,"name":"Strona g\u0142\u00f3wna","item":"http:\/\/www.woodlegs.pl\/"},{"@type":"ListItem","position":2,"name":"Sklep","item":"http:\/\/www.woodlegs.pl\/sklep\/"},{"@type":"ListItem","position":3,"name":"Drewniana podstawa do sto\u0142u Melba"}]},{"@type":"WebSite","@id":"http:\/\/www.woodlegs.pl\/#website","url":"http:\/\/www.woodlegs.pl\/","name":"Woodlegs","description":"Producent n\u00f3g drewnianych, produkcja n\u00f3g drewnianych","publisher":{"@id":"http:\/\/www.woodlegs.pl\/#organization"},"potentialAction":[{"@type":"SearchAction","target":{"@type":"EntryPoint","urlTemplate":"http:\/\/www.woodlegs.pl\/?s={search_term_string}"},"query-input":{"@type":"PropertyValueSpecification","valueRequired":true,"valueName":"search_term_string"}}],"inLanguage":"en-GB"},{"@type":"Organization","@id":"http:\/\/www.woodlegs.pl\/#organization","name":"Woodlegs Company","url":"http:\/\/www.woodlegs.pl\/","logo":{"@type":"ImageObject","inLanguage":"en-GB","@id":"http:\/\/www.woodlegs.pl\/#\/schema\/logo\/image\/","url":"https:\/\/www.woodlegs.pl\/wp-content\/uploads\/2023\/03\/logo-3.png","contentUrl":"https:\/\/www.woodlegs.pl\/wp-content\/uploads\/2023\/03\/logo-3.png","width":605,"height":234,"caption":"Woodlegs Company"},"image":{"@id":"http:\/\/www.woodlegs.pl\/#\/schema\/logo\/image\/"},"sameAs":["https:\/\/www.facebook.com\/woodlegs.company","https:\/\/www.instagram.com\/woodlegs_company\/"]}]}},"_links":{"self":[{"href":"https:\/\/www.woodlegs.pl\/eng\/wp-json\/wp\/v2\/product\/2758","targetHints":{"allow":["GET"]}}],"collection":[{"href":"https:\/\/www.woodlegs.pl\/eng\/wp-json\/wp\/v2\/product"}],"about":[{"href":"https:\/\/www.woodlegs.pl\/eng\/wp-json\/wp\/v2\/types\/product"}],"wp:featuredmedia":[{"embeddable":true,"href":"https:\/\/www.woodlegs.pl\/eng\/wp-json\/wp\/v2\/media\/2787"}],"wp:attachment":[{"href":"https:\/\/www.woodlegs.pl\/eng\/wp-json\/wp\/v2\/media?parent=2758"}],"wp:term":[{"taxonomy":"product_brand","embeddable":true,"href":"https:\/\/www.woodlegs.pl\/eng\/wp-json\/wp\/v2\/product_brand?post=2758"},{"taxonomy":"product_cat","embeddable":true,"href":"https:\/\/www.woodlegs.pl\/eng\/wp-json\/wp\/v2\/product_cat?post=2758"},{"taxonomy":"product_tag","embeddable":true,"href":"https:\/\/www.woodlegs.pl\/eng\/wp-json\/wp\/v2\/product_tag?post=2758"}],"curies":[{"name":"wp","href":"https:\/\/api.w.org\/{rel}","templated":true}]}}