{"id":6009,"date":"2024-06-20T15:04:07","date_gmt":"2024-06-20T13:04:07","guid":{"rendered":"https:\/\/www.woodlegs.pl\/?post_type=product&#038;p=6009"},"modified":"2025-11-10T18:23:29","modified_gmt":"2025-11-10T17:23:29","slug":"usluga-ciecia-na-wymiar","status":"publish","type":"product","link":"https:\/\/www.woodlegs.pl\/eng\/akcesoria-do-montazu\/usluga-ciecia-na-wymiar\/","title":{"rendered":"Cut-to-size service"},"content":{"rendered":"","protected":false},"excerpt":{"rendered":"<p>Don't have a machine and need to cut an ordered piece? No problem! We'll do it for you, just add this service to your basket and write in the comments to which dimensions we should cut the legs you ordered. Please contact us for a consultation before ordering us to cut. Please note that not every trimming order can be accepted.<\/p>","protected":false},"featured_media":8877,"template":"","meta":[],"product_brand":[],"product_cat":[77],"product_tag":[],"class_list":{"0":"post-6009","1":"product","2":"type-product","3":"status-publish","4":"has-post-thumbnail","6":"product_cat-akcesoria-do-montazu","8":"first","9":"instock","10":"taxable","11":"shipping-taxable","12":"purchasable","13":"product-type-simple"},"yoast_head":"<!-- This site is optimized with the Yoast SEO plugin v26.2 - https:\/\/yoast.com\/wordpress\/plugins\/seo\/ -->\n<title>Us\u0142uga ci\u0119cia na wymiar - Woodlegs Company<\/title>\n<meta name=\"description\" content=\"Zam\u00f3w nasze nogi drewniane wraz z us\u0142ug\u0105 ci\u0119cia na wymiar! Nie musisz mie\u0107 maszyn, to my jeste\u015bmy producentem n\u00f3g drewnianych i zrobimy to dla Ciebie!\" \/>\n<meta name=\"robots\" content=\"index, follow, max-snippet:-1, max-image-preview:large, max-video-preview:-1\" \/>\n<link rel=\"canonical\" href=\"https:\/\/www.woodlegs.pl\/eng\/akcesoria-do-montazu\/usluga-ciecia-na-wymiar\/\" \/>\n<meta property=\"og:locale\" content=\"en_GB\" \/>\n<meta property=\"og:type\" content=\"article\" \/>\n<meta property=\"og:title\" content=\"Us\u0142uga ci\u0119cia na wymiar - Woodlegs Company\" \/>\n<meta property=\"og:description\" content=\"Zam\u00f3w nasze nogi drewniane wraz z us\u0142ug\u0105 ci\u0119cia na wymiar! Nie musisz mie\u0107 maszyn, to my jeste\u015bmy producentem n\u00f3g drewnianych i zrobimy to dla Ciebie!\" \/>\n<meta property=\"og:url\" content=\"https:\/\/www.woodlegs.pl\/eng\/akcesoria-do-montazu\/usluga-ciecia-na-wymiar\/\" \/>\n<meta property=\"og:site_name\" content=\"Woodlegs Company\" \/>\n<meta property=\"article:publisher\" content=\"https:\/\/www.facebook.com\/woodlegs.company\" \/>\n<meta property=\"article:modified_time\" content=\"2025-11-10T17:23:29+00:00\" \/>\n<meta property=\"og:image\" content=\"https:\/\/www.woodlegs.pl\/wp-content\/uploads\/2024\/06\/Usluga-Ciecia-na-wymiar.jpg\" \/>\n\t<meta property=\"og:image:width\" content=\"1000\" \/>\n\t<meta property=\"og:image:height\" content=\"1000\" \/>\n\t<meta property=\"og:image:type\" content=\"image\/jpeg\" \/>\n<meta name=\"twitter:card\" content=\"summary_large_image\" \/>\n<meta name=\"twitter:label1\" content=\"Estimated reading time\" \/>\n\t<meta name=\"twitter:data1\" content=\"1 minute\" \/>\n<script type=\"application\/ld+json\" class=\"yoast-schema-graph\">{\"@context\":\"https:\/\/schema.org\",\"@graph\":[{\"@type\":\"WebPage\",\"@id\":\"https:\/\/www.woodlegs.pl\/akcesoria-do-montazu\/usluga-ciecia-na-wymiar\/\",\"url\":\"https:\/\/www.woodlegs.pl\/akcesoria-do-montazu\/usluga-ciecia-na-wymiar\/\",\"name\":\"Us\u0142uga ci\u0119cia na wymiar - Woodlegs Company\",\"isPartOf\":{\"@id\":\"http:\/\/www.woodlegs.pl\/#website\"},\"primaryImageOfPage\":{\"@id\":\"https:\/\/www.woodlegs.pl\/akcesoria-do-montazu\/usluga-ciecia-na-wymiar\/#primaryimage\"},\"image\":{\"@id\":\"https:\/\/www.woodlegs.pl\/akcesoria-do-montazu\/usluga-ciecia-na-wymiar\/#primaryimage\"},\"thumbnailUrl\":\"https:\/\/www.woodlegs.pl\/wp-content\/uploads\/2024\/06\/Usluga-Ciecia-na-wymiar.jpg\",\"datePublished\":\"2024-06-20T13:04:07+00:00\",\"dateModified\":\"2025-11-10T17:23:29+00:00\",\"description\":\"Zam\u00f3w nasze nogi drewniane wraz z us\u0142ug\u0105 ci\u0119cia na wymiar! Nie musisz mie\u0107 maszyn, to my jeste\u015bmy producentem n\u00f3g drewnianych i zrobimy to dla Ciebie!\",\"breadcrumb\":{\"@id\":\"https:\/\/www.woodlegs.pl\/akcesoria-do-montazu\/usluga-ciecia-na-wymiar\/#breadcrumb\"},\"inLanguage\":\"en-GB\",\"potentialAction\":[{\"@type\":\"ReadAction\",\"target\":[\"https:\/\/www.woodlegs.pl\/akcesoria-do-montazu\/usluga-ciecia-na-wymiar\/\"]}]},{\"@type\":\"ImageObject\",\"inLanguage\":\"en-GB\",\"@id\":\"https:\/\/www.woodlegs.pl\/akcesoria-do-montazu\/usluga-ciecia-na-wymiar\/#primaryimage\",\"url\":\"https:\/\/www.woodlegs.pl\/wp-content\/uploads\/2024\/06\/Usluga-Ciecia-na-wymiar.jpg\",\"contentUrl\":\"https:\/\/www.woodlegs.pl\/wp-content\/uploads\/2024\/06\/Usluga-Ciecia-na-wymiar.jpg\",\"width\":1000,\"height\":1000,\"caption\":\"Us\u0142uga-ciecia-na-wymiar-nog-drewnianych\"},{\"@type\":\"BreadcrumbList\",\"@id\":\"https:\/\/www.woodlegs.pl\/akcesoria-do-montazu\/usluga-ciecia-na-wymiar\/#breadcrumb\",\"itemListElement\":[{\"@type\":\"ListItem\",\"position\":1,\"name\":\"Strona g\u0142\u00f3wna\",\"item\":\"http:\/\/www.woodlegs.pl\/\"},{\"@type\":\"ListItem\",\"position\":2,\"name\":\"Sklep\",\"item\":\"http:\/\/www.woodlegs.pl\/sklep\/\"},{\"@type\":\"ListItem\",\"position\":3,\"name\":\"Us\u0142uga ci\u0119cia na wymiar\"}]},{\"@type\":\"WebSite\",\"@id\":\"http:\/\/www.woodlegs.pl\/#website\",\"url\":\"http:\/\/www.woodlegs.pl\/\",\"name\":\"Woodlegs\",\"description\":\"Producent n\u00f3g drewnianych, produkcja n\u00f3g drewnianych\",\"publisher\":{\"@id\":\"http:\/\/www.woodlegs.pl\/#organization\"},\"potentialAction\":[{\"@type\":\"SearchAction\",\"target\":{\"@type\":\"EntryPoint\",\"urlTemplate\":\"http:\/\/www.woodlegs.pl\/?s={search_term_string}\"},\"query-input\":{\"@type\":\"PropertyValueSpecification\",\"valueRequired\":true,\"valueName\":\"search_term_string\"}}],\"inLanguage\":\"en-GB\"},{\"@type\":\"Organization\",\"@id\":\"http:\/\/www.woodlegs.pl\/#organization\",\"name\":\"Woodlegs Company\",\"url\":\"http:\/\/www.woodlegs.pl\/\",\"logo\":{\"@type\":\"ImageObject\",\"inLanguage\":\"en-GB\",\"@id\":\"http:\/\/www.woodlegs.pl\/#\/schema\/logo\/image\/\",\"url\":\"https:\/\/www.woodlegs.pl\/wp-content\/uploads\/2023\/03\/logo-3.png\",\"contentUrl\":\"https:\/\/www.woodlegs.pl\/wp-content\/uploads\/2023\/03\/logo-3.png\",\"width\":605,\"height\":234,\"caption\":\"Woodlegs Company\"},\"image\":{\"@id\":\"http:\/\/www.woodlegs.pl\/#\/schema\/logo\/image\/\"},\"sameAs\":[\"https:\/\/www.facebook.com\/woodlegs.company\",\"https:\/\/www.instagram.com\/woodlegs_company\/\"]}]}<\/script>\n<!-- \/ Yoast SEO plugin. -->","yoast_head_json":{"title":"Us\u0142uga ci\u0119cia na wymiar - Woodlegs Company","description":"Zam\u00f3w nasze nogi drewniane wraz z us\u0142ug\u0105 ci\u0119cia na wymiar! Nie musisz mie\u0107 maszyn, to my jeste\u015bmy producentem n\u00f3g drewnianych i zrobimy to dla Ciebie!","robots":{"index":"index","follow":"follow","max-snippet":"max-snippet:-1","max-image-preview":"max-image-preview:large","max-video-preview":"max-video-preview:-1"},"canonical":"https:\/\/www.woodlegs.pl\/eng\/akcesoria-do-montazu\/usluga-ciecia-na-wymiar\/","og_locale":"en_GB","og_type":"article","og_title":"Us\u0142uga ci\u0119cia na wymiar - Woodlegs Company","og_description":"Zam\u00f3w nasze nogi drewniane wraz z us\u0142ug\u0105 ci\u0119cia na wymiar! Nie musisz mie\u0107 maszyn, to my jeste\u015bmy producentem n\u00f3g drewnianych i zrobimy to dla Ciebie!","og_url":"https:\/\/www.woodlegs.pl\/eng\/akcesoria-do-montazu\/usluga-ciecia-na-wymiar\/","og_site_name":"Woodlegs Company","article_publisher":"https:\/\/www.facebook.com\/woodlegs.company","article_modified_time":"2025-11-10T17:23:29+00:00","og_image":[{"width":1000,"height":1000,"url":"https:\/\/www.woodlegs.pl\/wp-content\/uploads\/2024\/06\/Usluga-Ciecia-na-wymiar.jpg","type":"image\/jpeg"}],"twitter_card":"summary_large_image","twitter_misc":{"Estimated reading time":"1 minute"},"schema":{"@context":"https:\/\/schema.org","@graph":[{"@type":"WebPage","@id":"https:\/\/www.woodlegs.pl\/akcesoria-do-montazu\/usluga-ciecia-na-wymiar\/","url":"https:\/\/www.woodlegs.pl\/akcesoria-do-montazu\/usluga-ciecia-na-wymiar\/","name":"Us\u0142uga ci\u0119cia na wymiar - Woodlegs Company","isPartOf":{"@id":"http:\/\/www.woodlegs.pl\/#website"},"primaryImageOfPage":{"@id":"https:\/\/www.woodlegs.pl\/akcesoria-do-montazu\/usluga-ciecia-na-wymiar\/#primaryimage"},"image":{"@id":"https:\/\/www.woodlegs.pl\/akcesoria-do-montazu\/usluga-ciecia-na-wymiar\/#primaryimage"},"thumbnailUrl":"https:\/\/www.woodlegs.pl\/wp-content\/uploads\/2024\/06\/Usluga-Ciecia-na-wymiar.jpg","datePublished":"2024-06-20T13:04:07+00:00","dateModified":"2025-11-10T17:23:29+00:00","description":"Zam\u00f3w nasze nogi drewniane wraz z us\u0142ug\u0105 ci\u0119cia na wymiar! Nie musisz mie\u0107 maszyn, to my jeste\u015bmy producentem n\u00f3g drewnianych i zrobimy to dla Ciebie!","breadcrumb":{"@id":"https:\/\/www.woodlegs.pl\/akcesoria-do-montazu\/usluga-ciecia-na-wymiar\/#breadcrumb"},"inLanguage":"en-GB","potentialAction":[{"@type":"ReadAction","target":["https:\/\/www.woodlegs.pl\/akcesoria-do-montazu\/usluga-ciecia-na-wymiar\/"]}]},{"@type":"ImageObject","inLanguage":"en-GB","@id":"https:\/\/www.woodlegs.pl\/akcesoria-do-montazu\/usluga-ciecia-na-wymiar\/#primaryimage","url":"https:\/\/www.woodlegs.pl\/wp-content\/uploads\/2024\/06\/Usluga-Ciecia-na-wymiar.jpg","contentUrl":"https:\/\/www.woodlegs.pl\/wp-content\/uploads\/2024\/06\/Usluga-Ciecia-na-wymiar.jpg","width":1000,"height":1000,"caption":"Us\u0142uga-ciecia-na-wymiar-nog-drewnianych"},{"@type":"BreadcrumbList","@id":"https:\/\/www.woodlegs.pl\/akcesoria-do-montazu\/usluga-ciecia-na-wymiar\/#breadcrumb","itemListElement":[{"@type":"ListItem","position":1,"name":"Strona g\u0142\u00f3wna","item":"http:\/\/www.woodlegs.pl\/"},{"@type":"ListItem","position":2,"name":"Sklep","item":"http:\/\/www.woodlegs.pl\/sklep\/"},{"@type":"ListItem","position":3,"name":"Us\u0142uga ci\u0119cia na wymiar"}]},{"@type":"WebSite","@id":"http:\/\/www.woodlegs.pl\/#website","url":"http:\/\/www.woodlegs.pl\/","name":"Woodlegs","description":"Producent n\u00f3g drewnianych, produkcja n\u00f3g drewnianych","publisher":{"@id":"http:\/\/www.woodlegs.pl\/#organization"},"potentialAction":[{"@type":"SearchAction","target":{"@type":"EntryPoint","urlTemplate":"http:\/\/www.woodlegs.pl\/?s={search_term_string}"},"query-input":{"@type":"PropertyValueSpecification","valueRequired":true,"valueName":"search_term_string"}}],"inLanguage":"en-GB"},{"@type":"Organization","@id":"http:\/\/www.woodlegs.pl\/#organization","name":"Woodlegs Company","url":"http:\/\/www.woodlegs.pl\/","logo":{"@type":"ImageObject","inLanguage":"en-GB","@id":"http:\/\/www.woodlegs.pl\/#\/schema\/logo\/image\/","url":"https:\/\/www.woodlegs.pl\/wp-content\/uploads\/2023\/03\/logo-3.png","contentUrl":"https:\/\/www.woodlegs.pl\/wp-content\/uploads\/2023\/03\/logo-3.png","width":605,"height":234,"caption":"Woodlegs Company"},"image":{"@id":"http:\/\/www.woodlegs.pl\/#\/schema\/logo\/image\/"},"sameAs":["https:\/\/www.facebook.com\/woodlegs.company","https:\/\/www.instagram.com\/woodlegs_company\/"]}]}},"_links":{"self":[{"href":"https:\/\/www.woodlegs.pl\/eng\/wp-json\/wp\/v2\/product\/6009","targetHints":{"allow":["GET"]}}],"collection":[{"href":"https:\/\/www.woodlegs.pl\/eng\/wp-json\/wp\/v2\/product"}],"about":[{"href":"https:\/\/www.woodlegs.pl\/eng\/wp-json\/wp\/v2\/types\/product"}],"wp:featuredmedia":[{"embeddable":true,"href":"https:\/\/www.woodlegs.pl\/eng\/wp-json\/wp\/v2\/media\/8877"}],"wp:attachment":[{"href":"https:\/\/www.woodlegs.pl\/eng\/wp-json\/wp\/v2\/media?parent=6009"}],"wp:term":[{"taxonomy":"product_brand","embeddable":true,"href":"https:\/\/www.woodlegs.pl\/eng\/wp-json\/wp\/v2\/product_brand?post=6009"},{"taxonomy":"product_cat","embeddable":true,"href":"https:\/\/www.woodlegs.pl\/eng\/wp-json\/wp\/v2\/product_cat?post=6009"},{"taxonomy":"product_tag","embeddable":true,"href":"https:\/\/www.woodlegs.pl\/eng\/wp-json\/wp\/v2\/product_tag?post=6009"}],"curies":[{"name":"wp","href":"https:\/\/api.w.org\/{rel}","templated":true}]}}