{"id":6073,"date":"2024-07-10T14:21:45","date_gmt":"2024-07-10T12:21:45","guid":{"rendered":"https:\/\/www.woodlegs.pl\/?post_type=product&#038;p=6073"},"modified":"2026-04-12T11:59:48","modified_gmt":"2026-04-12T09:59:48","slug":"nozki-meblowe-blanca","status":"publish","type":"product","link":"https:\/\/www.woodlegs.pl\/eng\/nozki-do-mebli\/nozki-meblowe-blanca\/","title":{"rendered":"Blanca furniture feet"},"content":{"rendered":"","protected":false},"excerpt":{"rendered":"<p><strong>LIMITED OFFER - WHILE STOCKS LAST<\/strong><\/p>\n<p>Every piece of furniture needs a solid foundation, which is why we offer you Blanca furniture legs! Each leg has a double-threaded screw so assembly for you will be very easy!<\/p>","protected":false},"featured_media":6083,"template":"","meta":[],"product_brand":[],"product_cat":[89,66],"product_tag":[],"class_list":{"0":"post-6073","1":"product","2":"type-product","3":"status-publish","4":"has-post-thumbnail","6":"product_cat-nozki-do-mebli","7":"product_cat-nogi-toczone","9":"first","10":"instock","11":"sale","12":"taxable","13":"shipping-taxable","14":"purchasable","15":"product-type-variable","16":"has-default-attributes"},"yoast_head":"<!-- This site is optimized with the Yoast SEO plugin v26.2 - https:\/\/yoast.com\/wordpress\/plugins\/seo\/ -->\n<title>N\u00f3\u017cki meblowe Blanca - Producent n\u00f3g drewnianych Woodlegs<\/title>\n<meta name=\"description\" content=\"N\u00f3\u017cki meblowe Blanca o wysoko\u015bci 13 cm idealnie nadaj\u0105 si\u0119 jako n\u00f3\u017cki meblowe do komody. Posiadamy ponad 80 modeli n\u00f3g do mebli! Nie mo\u017cesz tego przegapi\u0107!\" \/>\n<meta name=\"robots\" content=\"index, follow, max-snippet:-1, max-image-preview:large, max-video-preview:-1\" \/>\n<link rel=\"canonical\" href=\"https:\/\/www.woodlegs.pl\/eng\/?attachment_id=6083\/\" \/>\n<meta property=\"og:locale\" content=\"en_GB\" \/>\n<meta property=\"og:type\" content=\"article\" \/>\n<meta property=\"og:title\" content=\"N\u00f3\u017cki meblowe Blanca - Producent n\u00f3g drewnianych Woodlegs\" \/>\n<meta property=\"og:description\" content=\"N\u00f3\u017cki meblowe Blanca o wysoko\u015bci 13 cm idealnie nadaj\u0105 si\u0119 jako n\u00f3\u017cki meblowe do komody. Posiadamy ponad 80 modeli n\u00f3g do mebli! Nie mo\u017cesz tego przegapi\u0107!\" \/>\n<meta property=\"og:url\" content=\"https:\/\/www.woodlegs.pl\/eng\/?attachment_id=6083\/\" \/>\n<meta property=\"og:site_name\" content=\"Woodlegs Company\" \/>\n<meta property=\"article:publisher\" content=\"https:\/\/www.facebook.com\/woodlegs.company\" \/>\n<meta property=\"article:modified_time\" content=\"2026-04-12T09:59:48+00:00\" \/>\n<meta property=\"og:image\" content=\"https:\/\/www.woodlegs.pl\/wp-content\/uploads\/2024\/07\/Nozki-meblowe-Blanca.png\" \/>\n\t<meta property=\"og:image:width\" content=\"1000\" \/>\n\t<meta property=\"og:image:height\" content=\"1000\" \/>\n\t<meta property=\"og:image:type\" content=\"image\/png\" \/>\n<meta name=\"twitter:card\" content=\"summary_large_image\" \/>\n<meta name=\"twitter:label1\" content=\"Estimated reading time\" \/>\n\t<meta name=\"twitter:data1\" content=\"1 minute\" \/>\n<script type=\"application\/ld+json\" class=\"yoast-schema-graph\">{\"@context\":\"https:\/\/schema.org\",\"@graph\":[{\"@type\":\"WebPage\",\"@id\":\"https:\/\/www.woodlegs.pl\/nozki-do-mebli\/nozki-meblowe-blanca\/\",\"url\":\"https:\/\/www.woodlegs.pl\/nozki-do-mebli\/nozki-meblowe-blanca\/\",\"name\":\"N\u00f3\u017cki meblowe Blanca - Producent n\u00f3g drewnianych Woodlegs\",\"isPartOf\":{\"@id\":\"http:\/\/www.woodlegs.pl\/#website\"},\"primaryImageOfPage\":{\"@id\":\"https:\/\/www.woodlegs.pl\/nozki-do-mebli\/nozki-meblowe-blanca\/#primaryimage\"},\"image\":{\"@id\":\"https:\/\/www.woodlegs.pl\/nozki-do-mebli\/nozki-meblowe-blanca\/#primaryimage\"},\"thumbnailUrl\":\"https:\/\/www.woodlegs.pl\/wp-content\/uploads\/2024\/07\/Nozki-meblowe-Blanca.png\",\"datePublished\":\"2024-07-10T12:21:45+00:00\",\"dateModified\":\"2026-04-12T09:59:48+00:00\",\"description\":\"N\u00f3\u017cki meblowe Blanca o wysoko\u015bci 13 cm idealnie nadaj\u0105 si\u0119 jako n\u00f3\u017cki meblowe do komody. Posiadamy ponad 80 modeli n\u00f3g do mebli! Nie mo\u017cesz tego przegapi\u0107!\",\"breadcrumb\":{\"@id\":\"https:\/\/www.woodlegs.pl\/nozki-do-mebli\/nozki-meblowe-blanca\/#breadcrumb\"},\"inLanguage\":\"en-GB\",\"potentialAction\":[{\"@type\":\"ReadAction\",\"target\":[\"https:\/\/www.woodlegs.pl\/nozki-do-mebli\/nozki-meblowe-blanca\/\"]}]},{\"@type\":\"ImageObject\",\"inLanguage\":\"en-GB\",\"@id\":\"https:\/\/www.woodlegs.pl\/nozki-do-mebli\/nozki-meblowe-blanca\/#primaryimage\",\"url\":\"https:\/\/www.woodlegs.pl\/wp-content\/uploads\/2024\/07\/Nozki-meblowe-Blanca.png\",\"contentUrl\":\"https:\/\/www.woodlegs.pl\/wp-content\/uploads\/2024\/07\/Nozki-meblowe-Blanca.png\",\"width\":1000,\"height\":1000,\"caption\":\"nozki-meblowe-blanca-nozki-do-mebli-nozki-do-komody-nogi-drewniane-nozka-meblowa-producent-nog-drewnianych-producent-elementow-drewnianych-stopka-do-mebli-nozka-13cm-nozka-15cm\"},{\"@type\":\"BreadcrumbList\",\"@id\":\"https:\/\/www.woodlegs.pl\/nozki-do-mebli\/nozki-meblowe-blanca\/#breadcrumb\",\"itemListElement\":[{\"@type\":\"ListItem\",\"position\":1,\"name\":\"Strona g\u0142\u00f3wna\",\"item\":\"http:\/\/www.woodlegs.pl\/\"},{\"@type\":\"ListItem\",\"position\":2,\"name\":\"Sklep\",\"item\":\"http:\/\/www.woodlegs.pl\/sklep\/\"},{\"@type\":\"ListItem\",\"position\":3,\"name\":\"N\u00f3\u017cki meblowe Blanca\"}]},{\"@type\":\"WebSite\",\"@id\":\"http:\/\/www.woodlegs.pl\/#website\",\"url\":\"http:\/\/www.woodlegs.pl\/\",\"name\":\"Woodlegs\",\"description\":\"Producent n\u00f3g drewnianych, produkcja n\u00f3g drewnianych\",\"publisher\":{\"@id\":\"http:\/\/www.woodlegs.pl\/#organization\"},\"potentialAction\":[{\"@type\":\"SearchAction\",\"target\":{\"@type\":\"EntryPoint\",\"urlTemplate\":\"http:\/\/www.woodlegs.pl\/?s={search_term_string}\"},\"query-input\":{\"@type\":\"PropertyValueSpecification\",\"valueRequired\":true,\"valueName\":\"search_term_string\"}}],\"inLanguage\":\"en-GB\"},{\"@type\":\"Organization\",\"@id\":\"http:\/\/www.woodlegs.pl\/#organization\",\"name\":\"Woodlegs Company\",\"url\":\"http:\/\/www.woodlegs.pl\/\",\"logo\":{\"@type\":\"ImageObject\",\"inLanguage\":\"en-GB\",\"@id\":\"http:\/\/www.woodlegs.pl\/#\/schema\/logo\/image\/\",\"url\":\"https:\/\/www.woodlegs.pl\/wp-content\/uploads\/2023\/03\/logo-3.png\",\"contentUrl\":\"https:\/\/www.woodlegs.pl\/wp-content\/uploads\/2023\/03\/logo-3.png\",\"width\":605,\"height\":234,\"caption\":\"Woodlegs Company\"},\"image\":{\"@id\":\"http:\/\/www.woodlegs.pl\/#\/schema\/logo\/image\/\"},\"sameAs\":[\"https:\/\/www.facebook.com\/woodlegs.company\",\"https:\/\/www.instagram.com\/woodlegs_company\/\"]}]}<\/script>\n<!-- \/ Yoast SEO plugin. -->","yoast_head_json":{"title":"N\u00f3\u017cki meblowe Blanca - Producent n\u00f3g drewnianych Woodlegs","description":"N\u00f3\u017cki meblowe Blanca o wysoko\u015bci 13 cm idealnie nadaj\u0105 si\u0119 jako n\u00f3\u017cki meblowe do komody. Posiadamy ponad 80 modeli n\u00f3g do mebli! Nie mo\u017cesz tego przegapi\u0107!","robots":{"index":"index","follow":"follow","max-snippet":"max-snippet:-1","max-image-preview":"max-image-preview:large","max-video-preview":"max-video-preview:-1"},"canonical":"https:\/\/www.woodlegs.pl\/eng\/?attachment_id=6083\/","og_locale":"en_GB","og_type":"article","og_title":"N\u00f3\u017cki meblowe Blanca - Producent n\u00f3g drewnianych Woodlegs","og_description":"N\u00f3\u017cki meblowe Blanca o wysoko\u015bci 13 cm idealnie nadaj\u0105 si\u0119 jako n\u00f3\u017cki meblowe do komody. Posiadamy ponad 80 modeli n\u00f3g do mebli! Nie mo\u017cesz tego przegapi\u0107!","og_url":"https:\/\/www.woodlegs.pl\/eng\/?attachment_id=6083\/","og_site_name":"Woodlegs Company","article_publisher":"https:\/\/www.facebook.com\/woodlegs.company","article_modified_time":"2026-04-12T09:59:48+00:00","og_image":[{"width":1000,"height":1000,"url":"https:\/\/www.woodlegs.pl\/wp-content\/uploads\/2024\/07\/Nozki-meblowe-Blanca.png","type":"image\/png"}],"twitter_card":"summary_large_image","twitter_misc":{"Estimated reading time":"1 minute"},"schema":{"@context":"https:\/\/schema.org","@graph":[{"@type":"WebPage","@id":"https:\/\/www.woodlegs.pl\/nozki-do-mebli\/nozki-meblowe-blanca\/","url":"https:\/\/www.woodlegs.pl\/nozki-do-mebli\/nozki-meblowe-blanca\/","name":"N\u00f3\u017cki meblowe Blanca - Producent n\u00f3g drewnianych Woodlegs","isPartOf":{"@id":"http:\/\/www.woodlegs.pl\/#website"},"primaryImageOfPage":{"@id":"https:\/\/www.woodlegs.pl\/nozki-do-mebli\/nozki-meblowe-blanca\/#primaryimage"},"image":{"@id":"https:\/\/www.woodlegs.pl\/nozki-do-mebli\/nozki-meblowe-blanca\/#primaryimage"},"thumbnailUrl":"https:\/\/www.woodlegs.pl\/wp-content\/uploads\/2024\/07\/Nozki-meblowe-Blanca.png","datePublished":"2024-07-10T12:21:45+00:00","dateModified":"2026-04-12T09:59:48+00:00","description":"N\u00f3\u017cki meblowe Blanca o wysoko\u015bci 13 cm idealnie nadaj\u0105 si\u0119 jako n\u00f3\u017cki meblowe do komody. Posiadamy ponad 80 modeli n\u00f3g do mebli! Nie mo\u017cesz tego przegapi\u0107!","breadcrumb":{"@id":"https:\/\/www.woodlegs.pl\/nozki-do-mebli\/nozki-meblowe-blanca\/#breadcrumb"},"inLanguage":"en-GB","potentialAction":[{"@type":"ReadAction","target":["https:\/\/www.woodlegs.pl\/nozki-do-mebli\/nozki-meblowe-blanca\/"]}]},{"@type":"ImageObject","inLanguage":"en-GB","@id":"https:\/\/www.woodlegs.pl\/nozki-do-mebli\/nozki-meblowe-blanca\/#primaryimage","url":"https:\/\/www.woodlegs.pl\/wp-content\/uploads\/2024\/07\/Nozki-meblowe-Blanca.png","contentUrl":"https:\/\/www.woodlegs.pl\/wp-content\/uploads\/2024\/07\/Nozki-meblowe-Blanca.png","width":1000,"height":1000,"caption":"nozki-meblowe-blanca-nozki-do-mebli-nozki-do-komody-nogi-drewniane-nozka-meblowa-producent-nog-drewnianych-producent-elementow-drewnianych-stopka-do-mebli-nozka-13cm-nozka-15cm"},{"@type":"BreadcrumbList","@id":"https:\/\/www.woodlegs.pl\/nozki-do-mebli\/nozki-meblowe-blanca\/#breadcrumb","itemListElement":[{"@type":"ListItem","position":1,"name":"Strona g\u0142\u00f3wna","item":"http:\/\/www.woodlegs.pl\/"},{"@type":"ListItem","position":2,"name":"Sklep","item":"http:\/\/www.woodlegs.pl\/sklep\/"},{"@type":"ListItem","position":3,"name":"N\u00f3\u017cki meblowe Blanca"}]},{"@type":"WebSite","@id":"http:\/\/www.woodlegs.pl\/#website","url":"http:\/\/www.woodlegs.pl\/","name":"Woodlegs","description":"Producent n\u00f3g drewnianych, produkcja n\u00f3g drewnianych","publisher":{"@id":"http:\/\/www.woodlegs.pl\/#organization"},"potentialAction":[{"@type":"SearchAction","target":{"@type":"EntryPoint","urlTemplate":"http:\/\/www.woodlegs.pl\/?s={search_term_string}"},"query-input":{"@type":"PropertyValueSpecification","valueRequired":true,"valueName":"search_term_string"}}],"inLanguage":"en-GB"},{"@type":"Organization","@id":"http:\/\/www.woodlegs.pl\/#organization","name":"Woodlegs Company","url":"http:\/\/www.woodlegs.pl\/","logo":{"@type":"ImageObject","inLanguage":"en-GB","@id":"http:\/\/www.woodlegs.pl\/#\/schema\/logo\/image\/","url":"https:\/\/www.woodlegs.pl\/wp-content\/uploads\/2023\/03\/logo-3.png","contentUrl":"https:\/\/www.woodlegs.pl\/wp-content\/uploads\/2023\/03\/logo-3.png","width":605,"height":234,"caption":"Woodlegs Company"},"image":{"@id":"http:\/\/www.woodlegs.pl\/#\/schema\/logo\/image\/"},"sameAs":["https:\/\/www.facebook.com\/woodlegs.company","https:\/\/www.instagram.com\/woodlegs_company\/"]}]}},"_links":{"self":[{"href":"https:\/\/www.woodlegs.pl\/eng\/wp-json\/wp\/v2\/product\/6073","targetHints":{"allow":["GET"]}}],"collection":[{"href":"https:\/\/www.woodlegs.pl\/eng\/wp-json\/wp\/v2\/product"}],"about":[{"href":"https:\/\/www.woodlegs.pl\/eng\/wp-json\/wp\/v2\/types\/product"}],"wp:featuredmedia":[{"embeddable":true,"href":"https:\/\/www.woodlegs.pl\/eng\/wp-json\/wp\/v2\/media\/6083"}],"wp:attachment":[{"href":"https:\/\/www.woodlegs.pl\/eng\/wp-json\/wp\/v2\/media?parent=6073"}],"wp:term":[{"taxonomy":"product_brand","embeddable":true,"href":"https:\/\/www.woodlegs.pl\/eng\/wp-json\/wp\/v2\/product_brand?post=6073"},{"taxonomy":"product_cat","embeddable":true,"href":"https:\/\/www.woodlegs.pl\/eng\/wp-json\/wp\/v2\/product_cat?post=6073"},{"taxonomy":"product_tag","embeddable":true,"href":"https:\/\/www.woodlegs.pl\/eng\/wp-json\/wp\/v2\/product_tag?post=6073"}],"curies":[{"name":"wp","href":"https:\/\/api.w.org\/{rel}","templated":true}]}}