{"id":6184,"date":"2024-08-06T14:59:12","date_gmt":"2024-08-06T12:59:12","guid":{"rendered":"https:\/\/www.woodlegs.pl\/?post_type=product&#038;p=6184"},"modified":"2025-09-05T14:57:37","modified_gmt":"2025-09-05T12:57:37","slug":"krzyzak-mocujacy-do-blatu","status":"publish","type":"product","link":"https:\/\/www.woodlegs.pl\/eng\/akcesoria-do-montazu\/krzyzak-mocujacy-do-blatu\/","title":{"rendered":"Countertop fastening cross member"},"content":{"rendered":"","protected":false},"excerpt":{"rendered":"<p>The fixing cross is used to fix the table top to the wooden table base. This dimension is widely used as it is suitable for table tops up to 120 cm in diameter! If you have any doubts as to whether it will fit your table top please call us - we are always happy to offer advice and assistance.<\/p>","protected":false},"featured_media":6186,"template":"","meta":[],"product_brand":[],"product_cat":[77],"product_tag":[],"class_list":{"0":"post-6184","1":"product","2":"type-product","3":"status-publish","4":"has-post-thumbnail","6":"product_cat-akcesoria-do-montazu","8":"first","9":"instock","10":"taxable","11":"shipping-taxable","12":"purchasable","13":"product-type-variable"},"yoast_head":"<!-- This site is optimized with the Yoast SEO plugin v26.2 - https:\/\/yoast.com\/wordpress\/plugins\/seo\/ -->\n<title>Krzy\u017cak mocuj\u0105cy do blatu - Woodlegs Company<\/title>\n<meta name=\"robots\" content=\"index, follow, max-snippet:-1, max-image-preview:large, max-video-preview:-1\" \/>\n<link rel=\"canonical\" href=\"https:\/\/www.woodlegs.pl\/eng\/akcesoria-do-montazu\/krzyzak-mocujacy-do-blatu\/\" \/>\n<meta property=\"og:locale\" content=\"en_GB\" \/>\n<meta property=\"og:type\" content=\"article\" \/>\n<meta property=\"og:title\" content=\"Krzy\u017cak mocuj\u0105cy do blatu - Woodlegs Company\" \/>\n<meta property=\"og:description\" content=\"Krzy\u017cak mocuj\u0105cy wykorzystywany jest do mocowania blatu z drewnian\u0105 podstaw\u0105 sto\u0142u. Wymiar ten ma szerokie zastosowanie poniewa\u017c nadaje si\u0119 do blat\u00f3w o \u015brednicy do 120 cm! Je\u015bli masz jakie\u015b w\u0105tpliwo\u015bci czy b\u0119dzie pasowa\u0107 do Twojego blatu zadzwo\u0144 - zawsze s\u0142u\u017cymy rad\u0105 i pomoc\u0105.\" \/>\n<meta property=\"og:url\" content=\"https:\/\/www.woodlegs.pl\/eng\/akcesoria-do-montazu\/krzyzak-mocujacy-do-blatu\/\" \/>\n<meta property=\"og:site_name\" content=\"Woodlegs Company\" \/>\n<meta property=\"article:publisher\" content=\"https:\/\/www.facebook.com\/woodlegs.company\" \/>\n<meta property=\"article:modified_time\" content=\"2025-09-05T12:57:37+00:00\" \/>\n<meta property=\"og:image\" content=\"https:\/\/www.woodlegs.pl\/wp-content\/uploads\/2024\/08\/Krzyzak-mocujacy-do-podstawy-drewnianej.png\" \/>\n\t<meta property=\"og:image:width\" content=\"1000\" \/>\n\t<meta property=\"og:image:height\" content=\"1000\" \/>\n\t<meta property=\"og:image:type\" content=\"image\/png\" \/>\n<meta name=\"twitter:card\" content=\"summary_large_image\" \/>\n<meta name=\"twitter:label1\" content=\"Estimated reading time\" \/>\n\t<meta name=\"twitter:data1\" content=\"1 minute\" \/>\n<script type=\"application\/ld+json\" class=\"yoast-schema-graph\">{\"@context\":\"https:\/\/schema.org\",\"@graph\":[{\"@type\":\"WebPage\",\"@id\":\"https:\/\/www.woodlegs.pl\/akcesoria-do-montazu\/krzyzak-mocujacy-do-blatu\/\",\"url\":\"https:\/\/www.woodlegs.pl\/akcesoria-do-montazu\/krzyzak-mocujacy-do-blatu\/\",\"name\":\"Krzy\u017cak mocuj\u0105cy do blatu - Woodlegs Company\",\"isPartOf\":{\"@id\":\"http:\/\/www.woodlegs.pl\/#website\"},\"primaryImageOfPage\":{\"@id\":\"https:\/\/www.woodlegs.pl\/akcesoria-do-montazu\/krzyzak-mocujacy-do-blatu\/#primaryimage\"},\"image\":{\"@id\":\"https:\/\/www.woodlegs.pl\/akcesoria-do-montazu\/krzyzak-mocujacy-do-blatu\/#primaryimage\"},\"thumbnailUrl\":\"https:\/\/www.woodlegs.pl\/wp-content\/uploads\/2024\/08\/Krzyzak-mocujacy-do-podstawy-drewnianej.png\",\"datePublished\":\"2024-08-06T12:59:12+00:00\",\"dateModified\":\"2025-09-05T12:57:37+00:00\",\"breadcrumb\":{\"@id\":\"https:\/\/www.woodlegs.pl\/akcesoria-do-montazu\/krzyzak-mocujacy-do-blatu\/#breadcrumb\"},\"inLanguage\":\"en-GB\",\"potentialAction\":[{\"@type\":\"ReadAction\",\"target\":[\"https:\/\/www.woodlegs.pl\/akcesoria-do-montazu\/krzyzak-mocujacy-do-blatu\/\"]}]},{\"@type\":\"ImageObject\",\"inLanguage\":\"en-GB\",\"@id\":\"https:\/\/www.woodlegs.pl\/akcesoria-do-montazu\/krzyzak-mocujacy-do-blatu\/#primaryimage\",\"url\":\"https:\/\/www.woodlegs.pl\/wp-content\/uploads\/2024\/08\/Krzyzak-mocujacy-do-podstawy-drewnianej.png\",\"contentUrl\":\"https:\/\/www.woodlegs.pl\/wp-content\/uploads\/2024\/08\/Krzyzak-mocujacy-do-podstawy-drewnianej.png\",\"width\":1000,\"height\":1000,\"caption\":\"krzy\u017cak-mocuj\u0105cy-do-blatu-sto\u0142u\"},{\"@type\":\"BreadcrumbList\",\"@id\":\"https:\/\/www.woodlegs.pl\/akcesoria-do-montazu\/krzyzak-mocujacy-do-blatu\/#breadcrumb\",\"itemListElement\":[{\"@type\":\"ListItem\",\"position\":1,\"name\":\"Strona g\u0142\u00f3wna\",\"item\":\"http:\/\/www.woodlegs.pl\/\"},{\"@type\":\"ListItem\",\"position\":2,\"name\":\"Sklep\",\"item\":\"http:\/\/www.woodlegs.pl\/sklep\/\"},{\"@type\":\"ListItem\",\"position\":3,\"name\":\"Krzy\u017cak mocuj\u0105cy do blatu\"}]},{\"@type\":\"WebSite\",\"@id\":\"http:\/\/www.woodlegs.pl\/#website\",\"url\":\"http:\/\/www.woodlegs.pl\/\",\"name\":\"Woodlegs\",\"description\":\"Producent n\u00f3g drewnianych, produkcja n\u00f3g drewnianych\",\"publisher\":{\"@id\":\"http:\/\/www.woodlegs.pl\/#organization\"},\"potentialAction\":[{\"@type\":\"SearchAction\",\"target\":{\"@type\":\"EntryPoint\",\"urlTemplate\":\"http:\/\/www.woodlegs.pl\/?s={search_term_string}\"},\"query-input\":{\"@type\":\"PropertyValueSpecification\",\"valueRequired\":true,\"valueName\":\"search_term_string\"}}],\"inLanguage\":\"en-GB\"},{\"@type\":\"Organization\",\"@id\":\"http:\/\/www.woodlegs.pl\/#organization\",\"name\":\"Woodlegs Company\",\"url\":\"http:\/\/www.woodlegs.pl\/\",\"logo\":{\"@type\":\"ImageObject\",\"inLanguage\":\"en-GB\",\"@id\":\"http:\/\/www.woodlegs.pl\/#\/schema\/logo\/image\/\",\"url\":\"https:\/\/www.woodlegs.pl\/wp-content\/uploads\/2023\/03\/logo-3.png\",\"contentUrl\":\"https:\/\/www.woodlegs.pl\/wp-content\/uploads\/2023\/03\/logo-3.png\",\"width\":605,\"height\":234,\"caption\":\"Woodlegs Company\"},\"image\":{\"@id\":\"http:\/\/www.woodlegs.pl\/#\/schema\/logo\/image\/\"},\"sameAs\":[\"https:\/\/www.facebook.com\/woodlegs.company\",\"https:\/\/www.instagram.com\/woodlegs_company\/\"]}]}<\/script>\n<!-- \/ Yoast SEO plugin. -->","yoast_head_json":{"title":"Krzy\u017cak mocuj\u0105cy do blatu - Woodlegs Company","robots":{"index":"index","follow":"follow","max-snippet":"max-snippet:-1","max-image-preview":"max-image-preview:large","max-video-preview":"max-video-preview:-1"},"canonical":"https:\/\/www.woodlegs.pl\/eng\/akcesoria-do-montazu\/krzyzak-mocujacy-do-blatu\/","og_locale":"en_GB","og_type":"article","og_title":"Krzy\u017cak mocuj\u0105cy do blatu - Woodlegs Company","og_description":"Krzy\u017cak mocuj\u0105cy wykorzystywany jest do mocowania blatu z drewnian\u0105 podstaw\u0105 sto\u0142u. Wymiar ten ma szerokie zastosowanie poniewa\u017c nadaje si\u0119 do blat\u00f3w o \u015brednicy do 120 cm! Je\u015bli masz jakie\u015b w\u0105tpliwo\u015bci czy b\u0119dzie pasowa\u0107 do Twojego blatu zadzwo\u0144 - zawsze s\u0142u\u017cymy rad\u0105 i pomoc\u0105.","og_url":"https:\/\/www.woodlegs.pl\/eng\/akcesoria-do-montazu\/krzyzak-mocujacy-do-blatu\/","og_site_name":"Woodlegs Company","article_publisher":"https:\/\/www.facebook.com\/woodlegs.company","article_modified_time":"2025-09-05T12:57:37+00:00","og_image":[{"width":1000,"height":1000,"url":"https:\/\/www.woodlegs.pl\/wp-content\/uploads\/2024\/08\/Krzyzak-mocujacy-do-podstawy-drewnianej.png","type":"image\/png"}],"twitter_card":"summary_large_image","twitter_misc":{"Estimated reading time":"1 minute"},"schema":{"@context":"https:\/\/schema.org","@graph":[{"@type":"WebPage","@id":"https:\/\/www.woodlegs.pl\/akcesoria-do-montazu\/krzyzak-mocujacy-do-blatu\/","url":"https:\/\/www.woodlegs.pl\/akcesoria-do-montazu\/krzyzak-mocujacy-do-blatu\/","name":"Krzy\u017cak mocuj\u0105cy do blatu - Woodlegs Company","isPartOf":{"@id":"http:\/\/www.woodlegs.pl\/#website"},"primaryImageOfPage":{"@id":"https:\/\/www.woodlegs.pl\/akcesoria-do-montazu\/krzyzak-mocujacy-do-blatu\/#primaryimage"},"image":{"@id":"https:\/\/www.woodlegs.pl\/akcesoria-do-montazu\/krzyzak-mocujacy-do-blatu\/#primaryimage"},"thumbnailUrl":"https:\/\/www.woodlegs.pl\/wp-content\/uploads\/2024\/08\/Krzyzak-mocujacy-do-podstawy-drewnianej.png","datePublished":"2024-08-06T12:59:12+00:00","dateModified":"2025-09-05T12:57:37+00:00","breadcrumb":{"@id":"https:\/\/www.woodlegs.pl\/akcesoria-do-montazu\/krzyzak-mocujacy-do-blatu\/#breadcrumb"},"inLanguage":"en-GB","potentialAction":[{"@type":"ReadAction","target":["https:\/\/www.woodlegs.pl\/akcesoria-do-montazu\/krzyzak-mocujacy-do-blatu\/"]}]},{"@type":"ImageObject","inLanguage":"en-GB","@id":"https:\/\/www.woodlegs.pl\/akcesoria-do-montazu\/krzyzak-mocujacy-do-blatu\/#primaryimage","url":"https:\/\/www.woodlegs.pl\/wp-content\/uploads\/2024\/08\/Krzyzak-mocujacy-do-podstawy-drewnianej.png","contentUrl":"https:\/\/www.woodlegs.pl\/wp-content\/uploads\/2024\/08\/Krzyzak-mocujacy-do-podstawy-drewnianej.png","width":1000,"height":1000,"caption":"krzy\u017cak-mocuj\u0105cy-do-blatu-sto\u0142u"},{"@type":"BreadcrumbList","@id":"https:\/\/www.woodlegs.pl\/akcesoria-do-montazu\/krzyzak-mocujacy-do-blatu\/#breadcrumb","itemListElement":[{"@type":"ListItem","position":1,"name":"Strona g\u0142\u00f3wna","item":"http:\/\/www.woodlegs.pl\/"},{"@type":"ListItem","position":2,"name":"Sklep","item":"http:\/\/www.woodlegs.pl\/sklep\/"},{"@type":"ListItem","position":3,"name":"Krzy\u017cak mocuj\u0105cy do blatu"}]},{"@type":"WebSite","@id":"http:\/\/www.woodlegs.pl\/#website","url":"http:\/\/www.woodlegs.pl\/","name":"Woodlegs","description":"Producent n\u00f3g drewnianych, produkcja n\u00f3g drewnianych","publisher":{"@id":"http:\/\/www.woodlegs.pl\/#organization"},"potentialAction":[{"@type":"SearchAction","target":{"@type":"EntryPoint","urlTemplate":"http:\/\/www.woodlegs.pl\/?s={search_term_string}"},"query-input":{"@type":"PropertyValueSpecification","valueRequired":true,"valueName":"search_term_string"}}],"inLanguage":"en-GB"},{"@type":"Organization","@id":"http:\/\/www.woodlegs.pl\/#organization","name":"Woodlegs Company","url":"http:\/\/www.woodlegs.pl\/","logo":{"@type":"ImageObject","inLanguage":"en-GB","@id":"http:\/\/www.woodlegs.pl\/#\/schema\/logo\/image\/","url":"https:\/\/www.woodlegs.pl\/wp-content\/uploads\/2023\/03\/logo-3.png","contentUrl":"https:\/\/www.woodlegs.pl\/wp-content\/uploads\/2023\/03\/logo-3.png","width":605,"height":234,"caption":"Woodlegs Company"},"image":{"@id":"http:\/\/www.woodlegs.pl\/#\/schema\/logo\/image\/"},"sameAs":["https:\/\/www.facebook.com\/woodlegs.company","https:\/\/www.instagram.com\/woodlegs_company\/"]}]}},"_links":{"self":[{"href":"https:\/\/www.woodlegs.pl\/eng\/wp-json\/wp\/v2\/product\/6184","targetHints":{"allow":["GET"]}}],"collection":[{"href":"https:\/\/www.woodlegs.pl\/eng\/wp-json\/wp\/v2\/product"}],"about":[{"href":"https:\/\/www.woodlegs.pl\/eng\/wp-json\/wp\/v2\/types\/product"}],"wp:featuredmedia":[{"embeddable":true,"href":"https:\/\/www.woodlegs.pl\/eng\/wp-json\/wp\/v2\/media\/6186"}],"wp:attachment":[{"href":"https:\/\/www.woodlegs.pl\/eng\/wp-json\/wp\/v2\/media?parent=6184"}],"wp:term":[{"taxonomy":"product_brand","embeddable":true,"href":"https:\/\/www.woodlegs.pl\/eng\/wp-json\/wp\/v2\/product_brand?post=6184"},{"taxonomy":"product_cat","embeddable":true,"href":"https:\/\/www.woodlegs.pl\/eng\/wp-json\/wp\/v2\/product_cat?post=6184"},{"taxonomy":"product_tag","embeddable":true,"href":"https:\/\/www.woodlegs.pl\/eng\/wp-json\/wp\/v2\/product_tag?post=6184"}],"curies":[{"name":"wp","href":"https:\/\/api.w.org\/{rel}","templated":true}]}}