{"id":6274,"date":"2024-09-03T14:16:42","date_gmt":"2024-09-03T12:16:42","guid":{"rendered":"https:\/\/www.woodlegs.pl\/?post_type=product&#038;p=6274"},"modified":"2026-04-08T13:57:24","modified_gmt":"2026-04-08T11:57:24","slug":"nogi-drewniane-japandi-iii-%e2%8c%8013cm","status":"publish","type":"product","link":"https:\/\/www.woodlegs.pl\/eng\/nogi-toczone\/nogi-drewniane-japandi-iii-%e2%8c%8013cm\/","title":{"rendered":"Wooden legs Japandi III \u230013CM"},"content":{"rendered":"<h1>Japandi style in your home? - Japandi style characteristics<\/h1>\n<p>Japandi style is characterised by a love of natural materials, which is why our Japandi III wooden legs \u230013CM are the perfect choice. The Japandi style originates from Scandinavia and Japan. Considering the culture, behaviour, and socio-political conditions, these two countries are extremely different. It is therefore surprising that their interior styles are so similar. They are characterised by a love of natural materials that are timeless and last for years. Both styles are based on harmony, bright colours and simplicity.<\/p>\n<p>Nie wiesz jak urz\u0105dzi\u0107 dom w takim stylu?\u00a0 Koniecznie zastosuj te zasady! Po pierwsze? Postaw na naturalne materia\u0142y takie jak drewno w swojej surowej ods\u0142onie. Wybierz odcie\u0144 jasnego drewna bukowego lub nieco z\u0142ocisty odcie\u0144 drewna d\u0119bowego.\u00a0 Pozostaw w naturalnym kolorze stosuj\u0105c tylko olej lub lakier bezbarwny jako zabezpieczenie. Po drugie? W wn\u0119trzu wykorzystuj zasad\u0119 3 barw. Dla przyk\u0142adu wybierz zestawienie kolor\u00f3w: be\u017c, br\u0105z i odcienie zieleni lub czer\u0144 biel i ziele\u0144. Po trzecie? Wybierz nogi drewniane Japandi III \u230013CM do swojego sto\u0142u. Dlaczego? To proste chodzi o minimalizm &#8211; proste formy w meblach, surowo\u015b\u0107, kt\u00f3ra prze\u0142amana jest ob\u0142ym kszta\u0142tem. W przypadku n\u00f3g d\u0119bowych zastosowali\u015bmy wype\u0142nienie bukowe, dzi\u0119ki czemu zyskujesz wygl\u0105d szlachetnego d\u0119bu przy jednocze\u015bnie bardzo atrakcyjnej cenie ko\u0144cowej produktu. To sprytne rozwi\u0105zanie pozwala po\u0142\u0105czy\u0107 estetyk\u0119 d\u0119bu z korzystniejszym kosztem zakupu.<\/p>\n<h2>How to install Japandi III wooden legs \u230013CM ?<\/h2>\n<p>Our products do not have an imposed installation method. However, if you do not know how to mount this leg model we come to help! A 150\u00d7150 mm mounting plate with multiple holes will soon be available in our range. If you don't find it on our website yet, ask us about it! Mount it to the table top with screws. Mount the table leg using the twin-screw available under this link -&gt; <a href=\"https:\/\/www.woodlegs.pl\/eng\/akcesoria-do-montazu\/sruba-dwugwintowa-8x60\/\">Double threaded bolt 8\u00d760 - Woodlegs<\/a>. Keep in mind, however, that there are two dimensions of M8x60 and M8x80 double-threaded screw, choose the one that will not pierce your countertop. Are you in doubt? Give us a call - we can help!<\/p>\n<p>&nbsp;<\/p>\n<h3>How to protect table legs from damage?<\/h3>\n<p>Remember that our wooden legs are sanded, but not treated. You can varnish, stain, lacquer and oil them. Choose products that are designed to come into contact with the wood; for oiling, choose a hard oil such as Osmo.<\/p>\n<h4>Are there any other dimensions for the Japandi wooden leg?<\/h4>\n<p>Of course! We offer up to 5 models with different dimensions but the same style! All models have the same height of 73 cm. The difference comes from the proposed diameter the first has 13 cm the second 15 cm. Another difference in the legs is the height of the tapering, the 15 cm diameter legs have 3 proposals. Tapering evenly across half the leg <a href=\"https:\/\/www.woodlegs.pl\/eng\/nogi-toczone\/nogi-drewniane-japandi-ii\/\" target=\"_blank\" rel=\"noopener\"><em>Japandi II wooden legs - Woodlegs<\/em><\/a> , see also proposal<em>\u00a0<a href=\"https:\/\/www.woodlegs.pl\/eng\/nogi-toczone\/nogi-drewniane-japandi-i\/\">Wooden legs Japandi I<\/a><\/em> or\u00a0<a href=\"https:\/\/www.woodlegs.pl\/eng\/nogi-toczone\/nogi-drewniane-japandii-iii\/\"><em>Wooden legs Japandi III<\/em><\/a>.<\/p>\n<p>Are you interested in a model with a diameter of 13 cm in a different proportion than this? Click on the link and move to <a href=\"https:\/\/www.woodlegs.pl\/eng\/nogi-do-stolu\/nogi-drewniane-japandi-ii-\u230012cm\/\"><em>Wooden legs Japandi II \u230013cm<\/em><\/a>.<\/p>\n<p>&nbsp;<\/p>","protected":false},"excerpt":{"rendered":"<p>A hit this year Japandi III wooden legs \u230013 cm! Use them in your interior and you will give warmth and harmony. Pictured here is a model made of oak wood.<\/p>\n<p><strong>Please note that the legs have an exact measurement of 13.4 cm<\/strong><\/p>\n<p>If you need a larger quantity than is in stock - email us!<\/p>","protected":false},"featured_media":6279,"template":"","meta":[],"product_brand":[],"product_cat":[79,66],"product_tag":[],"class_list":{"0":"post-6274","1":"product","2":"type-product","3":"status-publish","4":"has-post-thumbnail","6":"product_cat-nogi-do-stolu","7":"product_cat-nogi-toczone","9":"first","10":"instock","11":"taxable","12":"shipping-taxable","13":"purchasable","14":"product-type-variable"},"yoast_head":"<!-- This site is optimized with the Yoast SEO plugin v26.2 - https:\/\/yoast.com\/wordpress\/plugins\/seo\/ -->\n<title>Nogi drewniane Japandi III \u230012CM - Wn\u0119trze japandi- Woodlegs<\/title>\n<meta name=\"description\" content=\"Nogi drewniane Japandi III \u230012CM w Twoim wn\u0119trzu! Zr\u00f3b wyj\u0105tkowy st\u00f3\u0142 na naszych nogach drewnianych. Wprowad\u017a nowoczesno\u015b\u0107 i ciep\u0142o do Twojego domu!\" \/>\n<meta name=\"robots\" content=\"index, follow, max-snippet:-1, max-image-preview:large, max-video-preview:-1\" \/>\n<link rel=\"canonical\" href=\"https:\/\/www.woodlegs.pl\/eng\/nogi-toczone\/nogi-drewniane-japandi-iii-\u230013cm\/\" \/>\n<meta property=\"og:locale\" content=\"en_GB\" \/>\n<meta property=\"og:type\" content=\"article\" \/>\n<meta property=\"og:title\" content=\"Nogi drewniane Japandi III \u230012CM - Wn\u0119trze japandi- Woodlegs\" \/>\n<meta property=\"og:description\" content=\"Nogi drewniane Japandi III \u230012CM w Twoim wn\u0119trzu! Zr\u00f3b wyj\u0105tkowy st\u00f3\u0142 na naszych nogach drewnianych. Wprowad\u017a nowoczesno\u015b\u0107 i ciep\u0142o do Twojego domu!\" \/>\n<meta property=\"og:url\" content=\"https:\/\/www.woodlegs.pl\/eng\/nogi-toczone\/nogi-drewniane-japandi-iii-\u230013cm\/\" \/>\n<meta property=\"og:site_name\" content=\"Woodlegs Company\" \/>\n<meta property=\"article:publisher\" content=\"https:\/\/www.facebook.com\/woodlegs.company\" \/>\n<meta property=\"article:modified_time\" content=\"2026-04-08T11:57:24+00:00\" \/>\n<meta property=\"og:image\" content=\"https:\/\/www.woodlegs.pl\/wp-content\/uploads\/2024\/09\/Japandi-fi-12-cm-III.png\" \/>\n\t<meta property=\"og:image:width\" content=\"1000\" \/>\n\t<meta property=\"og:image:height\" content=\"1000\" \/>\n\t<meta property=\"og:image:type\" content=\"image\/png\" \/>\n<meta name=\"twitter:card\" content=\"summary_large_image\" \/>\n<meta name=\"twitter:label1\" content=\"Estimated reading time\" \/>\n\t<meta name=\"twitter:data1\" content=\"3 minutes\" \/>\n<script type=\"application\/ld+json\" class=\"yoast-schema-graph\">{\"@context\":\"https:\/\/schema.org\",\"@graph\":[{\"@type\":\"WebPage\",\"@id\":\"https:\/\/www.woodlegs.pl\/nogi-toczone\/nogi-drewniane-japandi-iii-%e2%8c%8013cm\/\",\"url\":\"https:\/\/www.woodlegs.pl\/nogi-toczone\/nogi-drewniane-japandi-iii-%e2%8c%8013cm\/\",\"name\":\"Nogi drewniane Japandi III \u230012CM - Wn\u0119trze japandi- Woodlegs\",\"isPartOf\":{\"@id\":\"http:\/\/www.woodlegs.pl\/#website\"},\"primaryImageOfPage\":{\"@id\":\"https:\/\/www.woodlegs.pl\/nogi-toczone\/nogi-drewniane-japandi-iii-%e2%8c%8013cm\/#primaryimage\"},\"image\":{\"@id\":\"https:\/\/www.woodlegs.pl\/nogi-toczone\/nogi-drewniane-japandi-iii-%e2%8c%8013cm\/#primaryimage\"},\"thumbnailUrl\":\"https:\/\/www.woodlegs.pl\/wp-content\/uploads\/2024\/09\/Japandi-fi-12-cm-III.png\",\"datePublished\":\"2024-09-03T12:16:42+00:00\",\"dateModified\":\"2026-04-08T11:57:24+00:00\",\"description\":\"Nogi drewniane Japandi III \u230012CM w Twoim wn\u0119trzu! Zr\u00f3b wyj\u0105tkowy st\u00f3\u0142 na naszych nogach drewnianych. Wprowad\u017a nowoczesno\u015b\u0107 i ciep\u0142o do Twojego domu!\",\"breadcrumb\":{\"@id\":\"https:\/\/www.woodlegs.pl\/nogi-toczone\/nogi-drewniane-japandi-iii-%e2%8c%8013cm\/#breadcrumb\"},\"inLanguage\":\"en-GB\",\"potentialAction\":[{\"@type\":\"ReadAction\",\"target\":[\"https:\/\/www.woodlegs.pl\/nogi-toczone\/nogi-drewniane-japandi-iii-%e2%8c%8013cm\/\"]}]},{\"@type\":\"ImageObject\",\"inLanguage\":\"en-GB\",\"@id\":\"https:\/\/www.woodlegs.pl\/nogi-toczone\/nogi-drewniane-japandi-iii-%e2%8c%8013cm\/#primaryimage\",\"url\":\"https:\/\/www.woodlegs.pl\/wp-content\/uploads\/2024\/09\/Japandi-fi-12-cm-III.png\",\"contentUrl\":\"https:\/\/www.woodlegs.pl\/wp-content\/uploads\/2024\/09\/Japandi-fi-12-cm-III.png\",\"width\":1000,\"height\":1000,\"caption\":\"nogi-drewniane-japandi-III\"},{\"@type\":\"BreadcrumbList\",\"@id\":\"https:\/\/www.woodlegs.pl\/nogi-toczone\/nogi-drewniane-japandi-iii-%e2%8c%8013cm\/#breadcrumb\",\"itemListElement\":[{\"@type\":\"ListItem\",\"position\":1,\"name\":\"Strona g\u0142\u00f3wna\",\"item\":\"http:\/\/www.woodlegs.pl\/\"},{\"@type\":\"ListItem\",\"position\":2,\"name\":\"Sklep\",\"item\":\"http:\/\/www.woodlegs.pl\/sklep\/\"},{\"@type\":\"ListItem\",\"position\":3,\"name\":\"Nogi drewniane Japandi III \u230013CM\"}]},{\"@type\":\"WebSite\",\"@id\":\"http:\/\/www.woodlegs.pl\/#website\",\"url\":\"http:\/\/www.woodlegs.pl\/\",\"name\":\"Woodlegs\",\"description\":\"Producent n\u00f3g drewnianych, produkcja n\u00f3g drewnianych\",\"publisher\":{\"@id\":\"http:\/\/www.woodlegs.pl\/#organization\"},\"potentialAction\":[{\"@type\":\"SearchAction\",\"target\":{\"@type\":\"EntryPoint\",\"urlTemplate\":\"http:\/\/www.woodlegs.pl\/?s={search_term_string}\"},\"query-input\":{\"@type\":\"PropertyValueSpecification\",\"valueRequired\":true,\"valueName\":\"search_term_string\"}}],\"inLanguage\":\"en-GB\"},{\"@type\":\"Organization\",\"@id\":\"http:\/\/www.woodlegs.pl\/#organization\",\"name\":\"Woodlegs Company\",\"url\":\"http:\/\/www.woodlegs.pl\/\",\"logo\":{\"@type\":\"ImageObject\",\"inLanguage\":\"en-GB\",\"@id\":\"http:\/\/www.woodlegs.pl\/#\/schema\/logo\/image\/\",\"url\":\"https:\/\/www.woodlegs.pl\/wp-content\/uploads\/2023\/03\/logo-3.png\",\"contentUrl\":\"https:\/\/www.woodlegs.pl\/wp-content\/uploads\/2023\/03\/logo-3.png\",\"width\":605,\"height\":234,\"caption\":\"Woodlegs Company\"},\"image\":{\"@id\":\"http:\/\/www.woodlegs.pl\/#\/schema\/logo\/image\/\"},\"sameAs\":[\"https:\/\/www.facebook.com\/woodlegs.company\",\"https:\/\/www.instagram.com\/woodlegs_company\/\"]}]}<\/script>\n<!-- \/ Yoast SEO plugin. -->","yoast_head_json":{"title":"Nogi drewniane Japandi III \u230012CM - Wn\u0119trze japandi- Woodlegs","description":"Nogi drewniane Japandi III \u230012CM w Twoim wn\u0119trzu! Zr\u00f3b wyj\u0105tkowy st\u00f3\u0142 na naszych nogach drewnianych. Wprowad\u017a nowoczesno\u015b\u0107 i ciep\u0142o do Twojego domu!","robots":{"index":"index","follow":"follow","max-snippet":"max-snippet:-1","max-image-preview":"max-image-preview:large","max-video-preview":"max-video-preview:-1"},"canonical":"https:\/\/www.woodlegs.pl\/eng\/nogi-toczone\/nogi-drewniane-japandi-iii-\u230013cm\/","og_locale":"en_GB","og_type":"article","og_title":"Nogi drewniane Japandi III \u230012CM - Wn\u0119trze japandi- Woodlegs","og_description":"Nogi drewniane Japandi III \u230012CM w Twoim wn\u0119trzu! Zr\u00f3b wyj\u0105tkowy st\u00f3\u0142 na naszych nogach drewnianych. Wprowad\u017a nowoczesno\u015b\u0107 i ciep\u0142o do Twojego domu!","og_url":"https:\/\/www.woodlegs.pl\/eng\/nogi-toczone\/nogi-drewniane-japandi-iii-\u230013cm\/","og_site_name":"Woodlegs Company","article_publisher":"https:\/\/www.facebook.com\/woodlegs.company","article_modified_time":"2026-04-08T11:57:24+00:00","og_image":[{"width":1000,"height":1000,"url":"https:\/\/www.woodlegs.pl\/wp-content\/uploads\/2024\/09\/Japandi-fi-12-cm-III.png","type":"image\/png"}],"twitter_card":"summary_large_image","twitter_misc":{"Estimated reading time":"3 minutes"},"schema":{"@context":"https:\/\/schema.org","@graph":[{"@type":"WebPage","@id":"https:\/\/www.woodlegs.pl\/nogi-toczone\/nogi-drewniane-japandi-iii-%e2%8c%8013cm\/","url":"https:\/\/www.woodlegs.pl\/nogi-toczone\/nogi-drewniane-japandi-iii-%e2%8c%8013cm\/","name":"Nogi drewniane Japandi III \u230012CM - Wn\u0119trze japandi- Woodlegs","isPartOf":{"@id":"http:\/\/www.woodlegs.pl\/#website"},"primaryImageOfPage":{"@id":"https:\/\/www.woodlegs.pl\/nogi-toczone\/nogi-drewniane-japandi-iii-%e2%8c%8013cm\/#primaryimage"},"image":{"@id":"https:\/\/www.woodlegs.pl\/nogi-toczone\/nogi-drewniane-japandi-iii-%e2%8c%8013cm\/#primaryimage"},"thumbnailUrl":"https:\/\/www.woodlegs.pl\/wp-content\/uploads\/2024\/09\/Japandi-fi-12-cm-III.png","datePublished":"2024-09-03T12:16:42+00:00","dateModified":"2026-04-08T11:57:24+00:00","description":"Nogi drewniane Japandi III \u230012CM w Twoim wn\u0119trzu! Zr\u00f3b wyj\u0105tkowy st\u00f3\u0142 na naszych nogach drewnianych. Wprowad\u017a nowoczesno\u015b\u0107 i ciep\u0142o do Twojego domu!","breadcrumb":{"@id":"https:\/\/www.woodlegs.pl\/nogi-toczone\/nogi-drewniane-japandi-iii-%e2%8c%8013cm\/#breadcrumb"},"inLanguage":"en-GB","potentialAction":[{"@type":"ReadAction","target":["https:\/\/www.woodlegs.pl\/nogi-toczone\/nogi-drewniane-japandi-iii-%e2%8c%8013cm\/"]}]},{"@type":"ImageObject","inLanguage":"en-GB","@id":"https:\/\/www.woodlegs.pl\/nogi-toczone\/nogi-drewniane-japandi-iii-%e2%8c%8013cm\/#primaryimage","url":"https:\/\/www.woodlegs.pl\/wp-content\/uploads\/2024\/09\/Japandi-fi-12-cm-III.png","contentUrl":"https:\/\/www.woodlegs.pl\/wp-content\/uploads\/2024\/09\/Japandi-fi-12-cm-III.png","width":1000,"height":1000,"caption":"nogi-drewniane-japandi-III"},{"@type":"BreadcrumbList","@id":"https:\/\/www.woodlegs.pl\/nogi-toczone\/nogi-drewniane-japandi-iii-%e2%8c%8013cm\/#breadcrumb","itemListElement":[{"@type":"ListItem","position":1,"name":"Strona g\u0142\u00f3wna","item":"http:\/\/www.woodlegs.pl\/"},{"@type":"ListItem","position":2,"name":"Sklep","item":"http:\/\/www.woodlegs.pl\/sklep\/"},{"@type":"ListItem","position":3,"name":"Nogi drewniane Japandi III \u230013CM"}]},{"@type":"WebSite","@id":"http:\/\/www.woodlegs.pl\/#website","url":"http:\/\/www.woodlegs.pl\/","name":"Woodlegs","description":"Producent n\u00f3g drewnianych, produkcja n\u00f3g drewnianych","publisher":{"@id":"http:\/\/www.woodlegs.pl\/#organization"},"potentialAction":[{"@type":"SearchAction","target":{"@type":"EntryPoint","urlTemplate":"http:\/\/www.woodlegs.pl\/?s={search_term_string}"},"query-input":{"@type":"PropertyValueSpecification","valueRequired":true,"valueName":"search_term_string"}}],"inLanguage":"en-GB"},{"@type":"Organization","@id":"http:\/\/www.woodlegs.pl\/#organization","name":"Woodlegs Company","url":"http:\/\/www.woodlegs.pl\/","logo":{"@type":"ImageObject","inLanguage":"en-GB","@id":"http:\/\/www.woodlegs.pl\/#\/schema\/logo\/image\/","url":"https:\/\/www.woodlegs.pl\/wp-content\/uploads\/2023\/03\/logo-3.png","contentUrl":"https:\/\/www.woodlegs.pl\/wp-content\/uploads\/2023\/03\/logo-3.png","width":605,"height":234,"caption":"Woodlegs Company"},"image":{"@id":"http:\/\/www.woodlegs.pl\/#\/schema\/logo\/image\/"},"sameAs":["https:\/\/www.facebook.com\/woodlegs.company","https:\/\/www.instagram.com\/woodlegs_company\/"]}]}},"_links":{"self":[{"href":"https:\/\/www.woodlegs.pl\/eng\/wp-json\/wp\/v2\/product\/6274","targetHints":{"allow":["GET"]}}],"collection":[{"href":"https:\/\/www.woodlegs.pl\/eng\/wp-json\/wp\/v2\/product"}],"about":[{"href":"https:\/\/www.woodlegs.pl\/eng\/wp-json\/wp\/v2\/types\/product"}],"wp:featuredmedia":[{"embeddable":true,"href":"https:\/\/www.woodlegs.pl\/eng\/wp-json\/wp\/v2\/media\/6279"}],"wp:attachment":[{"href":"https:\/\/www.woodlegs.pl\/eng\/wp-json\/wp\/v2\/media?parent=6274"}],"wp:term":[{"taxonomy":"product_brand","embeddable":true,"href":"https:\/\/www.woodlegs.pl\/eng\/wp-json\/wp\/v2\/product_brand?post=6274"},{"taxonomy":"product_cat","embeddable":true,"href":"https:\/\/www.woodlegs.pl\/eng\/wp-json\/wp\/v2\/product_cat?post=6274"},{"taxonomy":"product_tag","embeddable":true,"href":"https:\/\/www.woodlegs.pl\/eng\/wp-json\/wp\/v2\/product_tag?post=6274"}],"curies":[{"name":"wp","href":"https:\/\/api.w.org\/{rel}","templated":true}]}}